{"id":34,"date":"2018-01-17T23:09:15","date_gmt":"2018-01-17T21:09:15","guid":{"rendered":"http:\/\/animaweb.blog.pangea.org\/?page_id=34"},"modified":"2023-02-15T20:26:51","modified_gmt":"2023-02-15T18:26:51","slug":"jose-luis-cabouli-vaig-voler-ser-un-cirurgia-danimes","status":"publish","type":"page","link":"https:\/\/animaweb.blog.pangea.org\/pt\/jose-luis-cabouli-vaig-voler-ser-un-cirurgia-danimes\/","title":{"rendered":"Jos\u00e9 Lu\u00eds Cabouli: \u00abQuis ser um cirurgi\u00e3o das almas\u00bb."},"content":{"rendered":"<p lang=\"pt-PT\" align=\"center\"><span style=\"font-family: Times New Roman, serif\"><span style=\"font-size: x-large\"><b>Jos\u00e9 Lu\u00eds Cabouli: \u00abQuis ser um cirurgi\u00e3o das almas\u00bb.<\/b><\/span><\/span><\/p>\n<p lang=\"pt-PT\" align=\"justify\"><span style=\"font-family: Times New Roman, serif\"><span style=\"font-size: large\"><b>\u00abQuis ser um cirurgi\u00e3o das almas\u00bb.<\/b><\/span><\/span><\/p>\n<p lang=\"pt-PT\" align=\"justify\"><span style=\"font-family: Times New Roman, serif\"><span style=\"font-size: large\"><img loading=\"lazy\" decoding=\"async\" class=\"alignright wp-image-781 size-full\" title=\"La Naci\u00f3n. Logo.\" src=\"https:\/\/animaweb.cat\/files\/2020\/01\/La_Nacion_Logotip_72ppp_200x21px.png\" alt=\"La Naci\u00f3n. Logo.\" width=\"200\" height=\"21\" \/>Por Lu\u00eds Aubele. Entrevista publicada pelo Jornal \u00abLa Naci\u00f3n\u00bb, Buenos Aires, 22-03-2009.<\/span><\/span><\/p>\n<figure id=\"attachment_53\" aria-describedby=\"caption-attachment-53\" style=\"width: 200px\" class=\"wp-caption alignleft\"><img loading=\"lazy\" decoding=\"async\" class=\"wp-image-53 size-full\" title=\"Jos\u00e9 Luis Cabouli. La Naci\u00f3n.\" src=\"https:\/\/animaweb.cat\/files\/2018\/01\/Jose_Luis_Cabouli_La_Nacion.jpg\" alt=\"Jos\u00e9 Luis Cabouli. La Naci\u00f3n.\" width=\"200\" height=\"133\" \/><figcaption id=\"caption-attachment-53\" class=\"wp-caption-text\">Jos\u00e9 Luis Cabouli. La Naci\u00f3n.<\/figcaption><\/figure>\n<p lang=\"pt-PT\" align=\"justify\"><span style=\"font-family: Times New Roman, serif\"><span style=\"font-size: large\">\u00abO que eu fui antes de ser Jos\u00e9 Lu\u00eds?\u00bb, come\u00e7ou a perguntar-se quando tinha 8 anos. O curioso \u00e9 que naquela \u00e9poca nunca havia ouvido falar de reencarna\u00e7\u00e3o; n\u00e3o somente n\u00e3o sabia o que era, tampouco conhecia a palavra. \u00abSomente uns anos mais tarde, entre os 15 e os 16 anos, soube do que se tratava. Mas tiveram que passar 20 anos mais, quando eu levava anos exercendo a profiss\u00e3o de cirurgi\u00e3o pl\u00e1stico, para que compreendesse que a reencarna\u00e7\u00e3o poderia ter um fim terap\u00eautico\u00bb, recorda Jos\u00e9 Lu\u00eds Cabouli, m\u00e9dico e terapeuta especializado em terapia de vidas passadas.<\/span><\/span><\/p>\n<p align=\"justify\"><span style=\"font-family: Times New Roman, serif\"><span style=\"font-size: large\"><span lang=\"pt-PT\">\u00abNa realidade nunca abandonei o assunto, continuei estudando-o, sempre como algo interessante, mas paralelo \u00e0 minha vida professional. \u00c9 que, contr\u00e1rio ao que habitualmente se acredita, n\u00f3s os cirurgi\u00f5es temos profundas preocupa\u00e7\u00f5es espirituais. Estamos permanentemente em contato com coisas transcendentes como s\u00e3o a vida e a morte dos seres humanos\u00bb, aponta.<\/span><\/span><\/span><\/p>\n<p align=\"justify\"><span style=\"font-family: Times New Roman, serif\"><span style=\"font-size: large\"><span lang=\"pt-PT\">Cabouli da semin\u00e1rios em seu pa\u00eds, Chile, Uruguay, Mexico e Espanha. \u00c9 autor de v\u00e1rios livros, entre outros <\/span><\/span><\/span><span style=\"font-family: Times New Roman, serif\"><span style=\"font-size: large\"><span lang=\"pt-PT\"><i>A vida antes de nascer<\/i><\/span><\/span><\/span><span style=\"font-family: Times New Roman, serif\"><span style=\"font-size: large\"><span lang=\"pt-PT\">, <\/span><\/span><\/span><span style=\"font-family: Times New Roman, serif\"><span style=\"font-size: large\"><span lang=\"pt-PT\"><i>O trabalho da alma<\/i><\/span><\/span><\/span><span style=\"font-family: Times New Roman, serif\"><span style=\"font-size: large\"><span lang=\"pt-PT\">, <\/span><\/span><\/span><span style=\"font-family: Times New Roman, serif\"><span style=\"font-size: large\"><span lang=\"pt-PT\"><i>A viagem da alma<\/i><\/span><\/span><\/span><span style=\"font-family: Times New Roman, serif\"><span style=\"font-size: large\"><span lang=\"pt-PT\"> y <\/span><\/span><\/span><span style=\"font-family: Times New Roman, serif\"><span style=\"font-size: large\"><span lang=\"pt-PT\"><i>Terapias de vidas passadas<\/i><\/span><\/span><\/span><span style=\"font-family: Times New Roman, serif\"><span style=\"font-size: large\"><span lang=\"pt-PT\">.<\/span><\/span><\/span><\/p>\n<p align=\"justify\">\u2013<span style=\"font-family: Times New Roman, serif\"><span style=\"font-size: large\"><span lang=\"pt-PT\"><b>Como voc\u00ea deixa a cirurgia pela terapia de vidas passadas?\u2013<\/b><\/span><\/span><\/span><\/p>\n<p align=\"justify\">\u2013<span style=\"font-family: Times New Roman, serif\"><span style=\"font-size: large\"><span lang=\"pt-PT\">Em 1988 tive um problema laboral, um desentendimento, e n\u00e3o quis lutar por uma posi\u00e7\u00e3o que j\u00e1 n\u00e3o me importava. Renunciei e-me sent\u00ed liberado, com mais tempo para mim, e decid\u00ed passar uns dias de f\u00e9rias na praia de Ostende (Argentina). Uma noite, depois de comer, peguei uma espregui\u00e7adeira e fui meditar debaixo das estrelas. Recordo que estava perto de uma casinha que Arturo Frondizi construiu durante a juventude com seu pai e irm\u00e3os. E de improviso, n\u00e3o posso descrever exatamente o que aconteceu, sent\u00ed que a minha profiss\u00e3o de cirurgi\u00e3o j\u00e1 n\u00e3o me interessava e que ante a mim se abria outro caminho e decid\u00ed dedicar-me \u00e0 terapia, quis ser um cirurgi\u00e3o das almas. N\u00e3o me lembro de mais detalhes, mas em um instante decid\u00ed mudar totalmente o rumo da minha vida. Isso me levou \u00e0 comprender que quando n\u00f3s n\u00e3o fazemos o que temos que fazer, a vida nos for\u00e7a \u00e0 fazer o que temos que fazer.\u2013<\/span><\/span><\/span><\/p>\n<p align=\"justify\">\u2013<span style=\"font-family: Times New Roman, serif\"><span style=\"font-size: large\"><span lang=\"pt-PT\"><b>O que \u00e9 a terapia de vidas passadas?\u2013<\/b><\/span><\/span><\/span><\/p>\n<p align=\"justify\">\u2013<span style=\"font-family: Times New Roman, serif\"><span style=\"font-size: large\"><span lang=\"pt-PT\">Consiste em trazer \u00e0 consci\u00eancia epis\u00f3dios traum\u00e1ticos que est\u00e3o reprimidos no inconsciente e que provocam desajustes na vida cotidiana. Traz\u00ea-los e reviv\u00ea-los com todos os sentimentos que desencadeiam, n\u00e3o simplesmente cont\u00e1-los. O primeiro passo para comprender a terapia de vidas passadas \u00e9 comprender que o tempo n\u00e3o existe. O tempo lineal, cronol\u00f3gico, med\u00edvel \u00e9 uma conven\u00e7\u00e3o, um acordo que fizemos para poder dirigir-nos. Na realidade, ningu\u00e9m teve nunca um segundo em suas m\u00e3os. Inclusive existem distintos calend\u00e1rios: maya, hebreo, etc\u00e9tera. E isso eu n\u00e3o inventei, o mism\u00edssimo Sigmund Freud o disse, quando sust\u00e9m que o inconsciente \u00e9 atemporal. Mas ainda h\u00e1 mais.\u2013<\/span><\/span><\/span><\/p>\n<p align=\"justify\">\u2013<span style=\"font-family: Times New Roman, serif\"><span style=\"font-size: large\"><span lang=\"pt-PT\"><b>Por exemplo?\u2013<\/b><\/span><\/span><\/span><\/p>\n<p align=\"justify\">\u2013<span style=\"font-family: Times New Roman, serif\"><span style=\"font-size: large\"><span lang=\"pt-PT\">A segunda coisa que temos que comprender \u00e9 o que se denomina atrapamento da consci\u00eancia. Quando reacionamos sem poder evit\u00e1-lo ante determinada situa\u00e7\u00e3o \u00e9 porque em um n\u00edvel inconsciente se est\u00e1 revivendo uma experi\u00eancia sem resolver que ficou atrapada e que se ativou por sua similaridade com a situa\u00e7\u00e3o presente. Imaginemos uma mulher que tem terror de subir \u00e0 um barco, porque ainda est\u00e1 atrapada e luta nas \u00e1guas geladas na noite de 14 de abril de 1912, em que o Titanic afundou. Ou algu\u00e9m que n\u00e3o pode subir \u00e0 um ascensor porque sente claustrofobia e que no passado foi enterrado vivo, algo bastante comum em uma \u00e9poca, ou morreu no derrumbe de uma mina.\u2013<\/span><\/span><\/span><\/p>\n<p align=\"justify\">\u2013<span style=\"font-family: Times New Roman, serif\"><span style=\"font-size: large\"><span lang=\"pt-PT\"><b>Como um profissional de forma\u00e7\u00e3o cient\u00edfica chega \u00e0 se interessar por uma terapia t\u00e3o fora do com\u00fam?\u2013<\/b><\/span><\/span><\/span><\/p>\n<p align=\"justify\">\u2013<span style=\"font-family: Times New Roman, serif\"><span style=\"font-size: large\"><span lang=\"pt-PT\">\u00c9 que em nenhum momento abandonei o m\u00e9todo cient\u00edfico, o caminho dos tr\u00eas pilares: observa\u00e7\u00e3o, experimenta\u00e7\u00e3o e comprova\u00e7\u00e3o. Observar o fen\u00f3meno e fazer as experi\u00eancias necess\u00e1rias para comprovar sua verdade. A terapia de vidas passadas tem muito em comum com a psicologia cl\u00e1ssica. Em ambos casos se trata de fazer consciente o inconsciente, como tamb\u00e9m recalcava Freud. Com a diferen\u00e7a que a terapia de vidas passadas busca ampliar o horizonte transcendendo a inf\u00e2ncia, o nascimento ou o estado fetal, e chegando \u00e0 encarna\u00e7\u00f5es anteriores.\u2013<\/span><\/span><\/span><\/p>\n<p align=\"justify\">\u2013<span style=\"font-family: Times New Roman, serif\"><span style=\"font-size: large\"><span lang=\"pt-PT\"><b>Casos que se lembre?\u2013<\/b><\/span><\/span><\/span><\/p>\n<p align=\"justify\">\u2013<span style=\"font-family: Times New Roman, serif\"><span style=\"font-size: large\"><span lang=\"pt-PT\">Na Espanha atendi \u00e0 uma mulher que tinha terror as serpentes. N\u00e3o se podia nem falar em serpentes na sua presen\u00e7a porque come\u00e7ava a gritar desesperadamente. Durante a terapia reviveu que tinha sido uma mo\u00e7a que ia por um caminho com sua m\u00e3e quando apareceu uma serpente venenosa, uma cobra que se balanceava diante delas com l\u00edngua amea\u00e7ante. A m\u00e3e tratava de distrair a v\u00edbora movendo-se \u00e0 um lado, mas ent\u00e3o, ao ficar a menina sozinha, a serpente a picou e a mo\u00e7a morreu. Reviver esse momento liberou a mulher e no dia seguinte me chamou para contar que tinha perdido o medo aos r\u00e9pteis, que pensava ir ao zool\u00f3gico e que faria algo que nunca teria imaginado: visitar o serpent\u00e1rio.\u2013<\/span><\/span><\/span><\/p>\n<p align=\"justify\">\u2013<span style=\"font-family: Times New Roman, serif\"><span style=\"font-size: large\"><span lang=\"pt-PT\"><b>Algum outro?\u2013<\/b><\/span><\/span><\/span><\/p>\n<p align=\"justify\">\u2013<span style=\"font-family: Times New Roman, serif\"><span style=\"font-size: large\"><span lang=\"pt-PT\">Uma mulher ao reviver o seu nacimento exclamou: Mas essa n\u00e3o \u00e9 a minha m\u00e3e. N\u00e3o sabia que era adoptada. Existem casos nos quais o paciente descobre ser a reencarna\u00e7\u00e3o de um irm\u00e3o maior, que morreu ao nascer.\u2013<\/span><\/span><\/span><\/p>\n<p align=\"justify\">\u2013<span style=\"font-family: Times New Roman, serif\"><span style=\"font-size: large\"><span lang=\"pt-PT\"><b>O que \u00e9 para voc\u00ea a reencarna\u00e7\u00e3o?\u2013<\/b><\/span><\/span><\/span><\/p>\n<p align=\"justify\">\u2013<span style=\"font-family: Times New Roman, serif\"><span style=\"font-size: large\"><span lang=\"pt-PT\">Para mim \u00e9 uma realidade, uma experi\u00eancia, mesmo assim comprendo perfeitamente que existam pessoas que n\u00e3o pensem igual.\u2013<\/span><\/span><\/span><\/p>\n<p lang=\"pt-PT\" align=\"justify\"><span style=\"font-family: Times New Roman, serif\"><span style=\"font-size: large\">Enlace da entrevista original em castelhano dentro da website de \u00abTerapia de Vidas Passadas\u00bb:<\/span><\/span><\/p>\n<p align=\"justify\"><span style=\"color: #000080\"><span lang=\"zxx\"><u><a href=\"https:\/\/www.vidaspasadas.com.ar\/articulos\/entrevista2.html\"><span style=\"font-family: Times New Roman, serif\"><span style=\"font-size: large\"><span lang=\"pt-PT\">https:\/\/www.vidaspasadas.com.ar\/articulos\/entrevista2.html<\/span><\/span><\/span><\/a><\/u><\/span><\/span><\/p>\n<p lang=\"pt-PT\" align=\"justify\"><span style=\"font-family: Times New Roman, serif\"><span style=\"font-size: large\"><b>Tradu\u00e7\u00e3o: Marisabel Tropea.<\/b><\/span><\/span><\/p>","protected":false},"excerpt":{"rendered":"<p>Jos\u00e9 Lu\u00eds Cabouli: \u00abQuis ser um cirurgi\u00e3o das almas\u00bb. \u00abQuis ser um cirurgi\u00e3o das almas\u00bb. Por Lu\u00eds Aubele. Entrevista publicada pelo Jornal \u00abLa Naci\u00f3n\u00bb, Buenos Aires, 22-03-2009. \u00abO que eu &hellip; <a href=\"https:\/\/animaweb.blog.pangea.org\/pt\/jose-luis-cabouli-vaig-voler-ser-un-cirurgia-danimes\/\" class=\"more-link\">Continuar a ler<span class=\"screen-reader-text\"> &#8220;Jos\u00e9 Lu\u00eds Cabouli: \u00abQuis ser um cirurgi\u00e3o das almas\u00bb.&#8221;<\/span><\/a><\/p>\n","protected":false},"author":12345698,"featured_media":0,"parent":0,"menu_order":0,"comment_status":"closed","ping_status":"closed","template":"","meta":{"ngg_post_thumbnail":0,"footnotes":""},"class_list":["post-34","page","type-page","status-publish","hentry"],"_links":{"self":[{"href":"https:\/\/animaweb.blog.pangea.org\/pt\/wp-json\/wp\/v2\/pages\/34","targetHints":{"allow":["GET"]}}],"collection":[{"href":"https:\/\/animaweb.blog.pangea.org\/pt\/wp-json\/wp\/v2\/pages"}],"about":[{"href":"https:\/\/animaweb.blog.pangea.org\/pt\/wp-json\/wp\/v2\/types\/page"}],"author":[{"embeddable":true,"href":"https:\/\/animaweb.blog.pangea.org\/pt\/wp-json\/wp\/v2\/users\/12345698"}],"replies":[{"embeddable":true,"href":"https:\/\/animaweb.blog.pangea.org\/pt\/wp-json\/wp\/v2\/comments?post=34"}],"version-history":[{"count":10,"href":"https:\/\/animaweb.blog.pangea.org\/pt\/wp-json\/wp\/v2\/pages\/34\/revisions"}],"predecessor-version":[{"id":2400,"href":"https:\/\/animaweb.blog.pangea.org\/pt\/wp-json\/wp\/v2\/pages\/34\/revisions\/2400"}],"wp:attachment":[{"href":"https:\/\/animaweb.blog.pangea.org\/pt\/wp-json\/wp\/v2\/media?parent=34"}],"curies":[{"name":"wp","href":"https:\/\/api.w.org\/{rel}","templated":true}]}}

José Luís Cabouli: «Quis ser um cirurgião das almas».

<p lang="pt-PT" align="center"><span style="font-family: Times New Roman, serif"><span style="font-size: x-large"><b>José Luís Cabouli: «Quis ser um cirurgião das almas».</b></span></span></p>
<p lang="pt-PT" align="justify"><span style="font-family: Times New Roman, serif"><span style="font-size: large"><b>«Quis ser um cirurgião das almas».</b></span></span></p>
<p lang="pt-PT" align="justify"><span style="font-family: Times New Roman, serif"><span style="font-size: large"><img loading="lazy" decoding="async" class="alignright wp-image-781 size-full" title="La Nación. Logo." src="https://animaweb.cat/files/2020/01/La_Nacion_Logotip_72ppp_200x21px.png" alt="La Nación. Logo." width="200" height="21" />Por Luís Aubele. Entrevista publicada pelo Jornal «La Nación», Buenos Aires, 22-03-2009.</span></span></p>
<figure id="attachment_53" aria-describedby="caption-attachment-53" style="width: 200px" class="wp-caption alignleft"><img loading="lazy" decoding="async" class="wp-image-53 size-full" title="José Luis Cabouli. La Nación." src="https://animaweb.cat/files/2018/01/Jose_Luis_Cabouli_La_Nacion.jpg" alt="José Luis Cabouli. La Nación." width="200" height="133" /><figcaption id="caption-attachment-53" class="wp-caption-text">José Luis Cabouli. La Nación.</figcaption></figure>
<p lang="pt-PT" align="justify"><span style="font-family: Times New Roman, serif"><span style="font-size: large">«O que eu fui antes de ser José Luís?», começou a perguntar-se quando tinha 8 anos. O curioso é que naquela época nunca havia ouvido falar de reencarnação; não somente não sabia o que era, tampouco conhecia a palavra. «Somente uns anos mais tarde, entre os 15 e os 16 anos, soube do que se tratava. Mas tiveram que passar 20 anos mais, quando eu levava anos exercendo a profissão de cirurgião plástico, para que compreendesse que a reencarnação poderia ter um fim terapêutico», recorda José Luís Cabouli, médico e terapeuta especializado em terapia de vidas passadas.</span></span></p>
<p align="justify"><span style="font-family: Times New Roman, serif"><span style="font-size: large"><span lang="pt-PT">«Na realidade nunca abandonei o assunto, continuei estudando-o, sempre como algo interessante, mas paralelo à minha vida professional. É que, contrário ao que habitualmente se acredita, nós os cirurgiões temos profundas preocupações espirituais. Estamos permanentemente em contato com coisas transcendentes como são a vida e a morte dos seres humanos», aponta.</span></span></span></p>
<p align="justify"><span style="font-family: Times New Roman, serif"><span style="font-size: large"><span lang="pt-PT">Cabouli da seminários em seu país, Chile, Uruguay, Mexico e Espanha. É autor de vários livros, entre outros </span></span></span><span style="font-family: Times New Roman, serif"><span style="font-size: large"><span lang="pt-PT"><i>A vida antes de nascer</i></span></span></span><span style="font-family: Times New Roman, serif"><span style="font-size: large"><span lang="pt-PT">, </span></span></span><span style="font-family: Times New Roman, serif"><span style="font-size: large"><span lang="pt-PT"><i>O trabalho da alma</i></span></span></span><span style="font-family: Times New Roman, serif"><span style="font-size: large"><span lang="pt-PT">, </span></span></span><span style="font-family: Times New Roman, serif"><span style="font-size: large"><span lang="pt-PT"><i>A viagem da alma</i></span></span></span><span style="font-family: Times New Roman, serif"><span style="font-size: large"><span lang="pt-PT"> y </span></span></span><span style="font-family: Times New Roman, serif"><span style="font-size: large"><span lang="pt-PT"><i>Terapias de vidas passadas</i></span></span></span><span style="font-family: Times New Roman, serif"><span style="font-size: large"><span lang="pt-PT">.</span></span></span></p>
<p align="justify">–<span style="font-family: Times New Roman, serif"><span style="font-size: large"><span lang="pt-PT"><b>Como você deixa a cirurgia pela terapia de vidas passadas?–</b></span></span></span></p>
<p align="justify">–<span style="font-family: Times New Roman, serif"><span style="font-size: large"><span lang="pt-PT">Em 1988 tive um problema laboral, um desentendimento, e não quis lutar por uma posição que já não me importava. Renunciei e-me sentí liberado, com mais tempo para mim, e decidí passar uns dias de férias na praia de Ostende (Argentina). Uma noite, depois de comer, peguei uma espreguiçadeira e fui meditar debaixo das estrelas. Recordo que estava perto de uma casinha que Arturo Frondizi construiu durante a juventude com seu pai e irmãos. E de improviso, não posso descrever exatamente o que aconteceu, sentí que a minha profissão de cirurgião já não me interessava e que ante a mim se abria outro caminho e decidí dedicar-me à terapia, quis ser um cirurgião das almas. Não me lembro de mais detalhes, mas em um instante decidí mudar totalmente o rumo da minha vida. Isso me levou à comprender que quando nós não fazemos o que temos que fazer, a vida nos força à fazer o que temos que fazer.–</span></span></span></p>
<p align="justify">–<span style="font-family: Times New Roman, serif"><span style="font-size: large"><span lang="pt-PT"><b>O que é a terapia de vidas passadas?–</b></span></span></span></p>
<p align="justify">–<span style="font-family: Times New Roman, serif"><span style="font-size: large"><span lang="pt-PT">Consiste em trazer à consciência episódios traumáticos que estão reprimidos no inconsciente e que provocam desajustes na vida cotidiana. Trazê-los e revivê-los com todos os sentimentos que desencadeiam, não simplesmente contá-los. O primeiro passo para comprender a terapia de vidas passadas é comprender que o tempo não existe. O tempo lineal, cronológico, medível é uma convenção, um acordo que fizemos para poder dirigir-nos. Na realidade, ninguém teve nunca um segundo em suas mãos. Inclusive existem distintos calendários: maya, hebreo, etcétera. E isso eu não inventei, o mismíssimo Sigmund Freud o disse, quando sustém que o inconsciente é atemporal. Mas ainda há mais.–</span></span></span></p>
<p align="justify">–<span style="font-family: Times New Roman, serif"><span style="font-size: large"><span lang="pt-PT"><b>Por exemplo?–</b></span></span></span></p>
<p align="justify">–<span style="font-family: Times New Roman, serif"><span style="font-size: large"><span lang="pt-PT">A segunda coisa que temos que comprender é o que se denomina atrapamento da consciência. Quando reacionamos sem poder evitá-lo ante determinada situação é porque em um nível inconsciente se está revivendo uma experiência sem resolver que ficou atrapada e que se ativou por sua similaridade com a situação presente. Imaginemos uma mulher que tem terror de subir à um barco, porque ainda está atrapada e luta nas águas geladas na noite de 14 de abril de 1912, em que o Titanic afundou. Ou alguém que não pode subir à um ascensor porque sente claustrofobia e que no passado foi enterrado vivo, algo bastante comum em uma época, ou morreu no derrumbe de uma mina.–</span></span></span></p>
<p align="justify">–<span style="font-family: Times New Roman, serif"><span style="font-size: large"><span lang="pt-PT"><b>Como um profissional de formação científica chega à se interessar por uma terapia tão fora do comúm?–</b></span></span></span></p>
<p align="justify">–<span style="font-family: Times New Roman, serif"><span style="font-size: large"><span lang="pt-PT">É que em nenhum momento abandonei o método científico, o caminho dos três pilares: observação, experimentação e comprovação. Observar o fenómeno e fazer as experiências necessárias para comprovar sua verdade. A terapia de vidas passadas tem muito em comum com a psicologia clássica. Em ambos casos se trata de fazer consciente o inconsciente, como também recalcava Freud. Com a diferença que a terapia de vidas passadas busca ampliar o horizonte transcendendo a infância, o nascimento ou o estado fetal, e chegando à encarnações anteriores.–</span></span></span></p>
<p align="justify">–<span style="font-family: Times New Roman, serif"><span style="font-size: large"><span lang="pt-PT"><b>Casos que se lembre?–</b></span></span></span></p>
<p align="justify">–<span style="font-family: Times New Roman, serif"><span style="font-size: large"><span lang="pt-PT">Na Espanha atendi à uma mulher que tinha terror as serpentes. Não se podia nem falar em serpentes na sua presença porque começava a gritar desesperadamente. Durante a terapia reviveu que tinha sido uma moça que ia por um caminho com sua mãe quando apareceu uma serpente venenosa, uma cobra que se balanceava diante delas com língua ameaçante. A mãe tratava de distrair a víbora movendo-se à um lado, mas então, ao ficar a menina sozinha, a serpente a picou e a moça morreu. Reviver esse momento liberou a mulher e no dia seguinte me chamou para contar que tinha perdido o medo aos répteis, que pensava ir ao zoológico e que faria algo que nunca teria imaginado: visitar o serpentário.–</span></span></span></p>
<p align="justify">–<span style="font-family: Times New Roman, serif"><span style="font-size: large"><span lang="pt-PT"><b>Algum outro?–</b></span></span></span></p>
<p align="justify">–<span style="font-family: Times New Roman, serif"><span style="font-size: large"><span lang="pt-PT">Uma mulher ao reviver o seu nacimento exclamou: Mas essa não é a minha mãe. Não sabia que era adoptada. Existem casos nos quais o paciente descobre ser a reencarnação de um irmão maior, que morreu ao nascer.–</span></span></span></p>
<p align="justify">–<span style="font-family: Times New Roman, serif"><span style="font-size: large"><span lang="pt-PT"><b>O que é para você a reencarnação?–</b></span></span></span></p>
<p align="justify">–<span style="font-family: Times New Roman, serif"><span style="font-size: large"><span lang="pt-PT">Para mim é uma realidade, uma experiência, mesmo assim comprendo perfeitamente que existam pessoas que não pensem igual.–</span></span></span></p>
<p lang="pt-PT" align="justify"><span style="font-family: Times New Roman, serif"><span style="font-size: large">Enlace da entrevista original em castelhano dentro da website de «Terapia de Vidas Passadas»:</span></span></p>
<p align="justify"><span style="color: #000080"><span lang="zxx"><u><a href="https://www.vidaspasadas.com.ar/articulos/entrevista2.html"><span style="font-family: Times New Roman, serif"><span style="font-size: large"><span lang="pt-PT">https://www.vidaspasadas.com.ar/articulos/entrevista2.html</span></span></span></a></u></span></span></p>
<p lang="pt-PT" align="justify"><span style="font-family: Times New Roman, serif"><span style="font-size: large"><b>Tradução: Marisabel Tropea.</b></span></span></p>

<p>José Luís Cabouli: «Quis ser um cirurgião das almas». «Quis ser um cirurgião das almas». Por Luís Aubele. Entrevista publicada pelo Jornal «La Nación», Buenos Aires, 22-03-2009. «O que eu &hellip; <a href="https://animaweb.blog.pangea.org/pt/jose-luis-cabouli-vaig-voler-ser-un-cirurgia-danimes/" class="more-link">Continuar a ler<span class="screen-reader-text"> &#8220;José Luís Cabouli: «Quis ser um cirurgião das almas».&#8221;</span></a></p>
