{"id":905,"date":"2020-10-04T18:53:48","date_gmt":"2020-10-04T16:53:48","guid":{"rendered":"https:\/\/animaweb.cat\/?page_id=905"},"modified":"2022-09-16T06:36:48","modified_gmt":"2022-09-16T04:36:48","slug":"doctora-viviana-zenteno-les-regressions-com-a-terapia-de-lanima-entrevista-terra-6-5-2010","status":"publish","type":"page","link":"https:\/\/animaweb.blog.pangea.org\/gl\/doctora-viviana-zenteno-les-regressions-com-a-terapia-de-lanima-entrevista-terra-6-5-2010\/","title":{"rendered":"Doutora Viviana Zenteno. As regresi\u00f3ns como terapia da alma. Entrevista Terra, 6-5-2010."},"content":{"rendered":"<p class=\"western\" align=\"center\"><span style=\"font-family: Times New Roman, serif\"><span style=\"font-size: x-large\"><b>Doutora Viviana Zenteno. As regresi\u00f3ns como terapia da alma. Entrevista Terra, 6-5-2010.<\/b><\/span><\/span><\/p>\n<p class=\"western\" align=\"justify\"><span style=\"font-family: Times New Roman, serif\"><span style=\"font-size: large\"><b><img loading=\"lazy\" decoding=\"async\" class=\"alignright wp-image-908 size-full\" title=\"Terra Networks.\" src=\"https:\/\/animaweb.cat\/files\/2020\/10\/Terra_Networks_logotip_72ppp_200x58px.png\" alt=\"Terra Networks.\" width=\"200\" height=\"58\" \/>Entrevista Terra Networks Chile.<\/b><\/span><\/span><\/p>\n<p class=\"western\" align=\"justify\"><span style=\"font-family: Times New Roman, serif\"><span style=\"font-size: large\">Xoves, 6 de Maio de 2010.<\/span><\/span><\/p>\n<p style=\"text-align: center\" align=\"justify\"><b><img loading=\"lazy\" decoding=\"async\" class=\"aligncenter wp-image-906 size-full\" title=\"Doutora Viviana Zenteno.\" src=\"https:\/\/animaweb.cat\/files\/2020\/10\/Viviana_Zenteno_sentada_72ppp_600x397px.png\" alt=\"Doutora Viviana Zenteno.\" width=\"600\" height=\"397\" srcset=\"https:\/\/animaweb.blog.pangea.org\/files\/2020\/10\/Viviana_Zenteno_sentada_72ppp_600x397px.png 600w, https:\/\/animaweb.blog.pangea.org\/files\/2020\/10\/Viviana_Zenteno_sentada_72ppp_600x397px-300x199.png 300w\" sizes=\"auto, (max-width: 600px) 85vw, 600px\" \/><\/b><\/p>\n<p class=\"western\" style=\"text-align: center\" align=\"justify\"><span style=\"font-family: Times New Roman, serif\"><span style=\"font-size: large\"><b>Doutora Viviana Zenteno.<\/b><\/span><\/span><\/p>\n<p class=\"western\" align=\"justify\"><span style=\"font-family: Times New Roman, serif\"><span style=\"font-size: large\"><b>As regresi\u00f3ns como terapia da alma.<\/b><\/span><\/span><\/p>\n<p class=\"western\" align=\"justify\"><span style=\"font-family: Times New Roman, serif\"><span style=\"font-size: large\"><i>A trav\u00e9s desta t\u00e9cnica, o pasado mest\u00farase co presente e act\u00edvanse unha serie de feitos que non est\u00e1n no consciente.<\/i><\/span><\/span><\/p>\n<p class=\"western\" align=\"justify\"><span style=\"font-family: Times New Roman, serif\"><span style=\"font-size: large\">Santiago. Xoves, 20 de Xullo de 2006. \u00abTerapia da alma\u00bb \u00e9 o nome do libro da Doutora Viviana Zenteno, en que describe os diferentes casos de regresi\u00f3ns que experimentou cos seus pacientes.<\/span><\/span><\/p>\n<p class=\"western\" align=\"justify\"><span style=\"font-family: Times New Roman, serif\"><span style=\"font-size: large\">Para ela, m\u00e1is que unha regresi\u00f3n \u00e9 unha terapia da alma, xa que traballa en profundidade recorrendo \u00e1 sabedor\u00eda que est\u00e1 no m\u00e1is profundo das persoas.<\/span><\/span><\/p>\n<p class=\"western\" align=\"justify\"><span style=\"font-family: Times New Roman, serif\"><span style=\"font-size: large\">Segundo a doutora Zenteno, o mundo da medicina pode sanar dores f\u00edsicas, problemas mentais, entre outros; con todo, non logra sanar as doenzas da alma. Por esta raz\u00f3n decidiuse a investigar sobre as regresi\u00f3ns e todo foi chegando ao seu debido tempo. Primeiro foi un libro do reco\u00f1ecido terapeuta Bryan Weiss sobre as vidas pasadas para logo mergullarse de cheo no estudo desta terapia e continuar por este cami\u00f1o.<\/span><\/span><\/p>\n<p class=\"western\" align=\"justify\">\u2013<span style=\"font-family: Times New Roman, serif\"><span style=\"font-size: large\"><b>Como aprendeu a t\u00e9cnica da regresi\u00f3n?\u2013<\/b><\/span><\/span><\/p>\n<p class=\"western\" align=\"justify\">\u2013<span style=\"font-family: Times New Roman, serif\"><span style=\"font-size: large\">Contactei co Doutor Jos\u00e9 Lu\u00eds Cabouli, especialista en terapia de vidas pasadas, quen ademais ten varios libros sobre o tema. Eu lin o primeiro libro que escribiu e interesoume moit\u00edsimo. Despois escribinlle e comecei un curso intensivo en tres etapas.\u2013<\/span><\/span><\/p>\n<p class=\"western\" align=\"justify\">\u2013<span style=\"font-family: Times New Roman, serif\"><span style=\"font-size: large\"><b>Por que decidiu estudar as regresi\u00f3ns?\u2013<\/b><\/span><\/span><\/p>\n<p class=\"western\" align=\"justify\">\u2013<span style=\"font-family: Times New Roman, serif\"><span style=\"font-size: large\">Sempre tiven unha grande inquietude, mais nunca dubidei que quer\u00eda ser m\u00e9dico, quer\u00eda axudar a sanar \u00e1s persoas e por iso elix\u00edn a medicina interna, que \u00e9 un campo bastante amplo para abranguer a todas as persoas coas s\u00faas enfermidades. Sempre tiven unha moi boa chegada coa xente, mesmo, nun minuto pensei en ser psiquiatra, mais decid\u00edn que a medicina interna me convi\u00f1a para ter unha visi\u00f3n m\u00e1is ampla do paciente. Co tempo funme decatando que faltaba algo; pod\u00eda axudarlles a sanar o seu corpo, a s\u00faa mente, con todo, hab\u00eda algo do paciente que se me escapaba e d\u00e1bame conta tam\u00e9n que a xente se enfermaba cando estaban mal emocionalmente.<\/span><\/span><\/p>\n<p class=\"western\" align=\"justify\"><span style=\"font-family: Times New Roman, serif\"><span style=\"font-size: large\">A experta revela que foi ent\u00f3n cando se deu conta de que case todas as enfermidades ti\u00f1an un compo\u00f1ente emocional. \u00abIso provocoume unha grande inquietude. Pensaba: &#8220;estou a atender unha parte, pero f\u00e1ltame algo&#8221;. Quer\u00eda chegar \u00e1 alma dos pacientes\u00bb.<\/span><\/span><\/p>\n<p class=\"western\" align=\"justify\"><span style=\"font-family: Times New Roman, serif\"><span style=\"font-size: large\">Nese per\u00edodo,chegou o mestre e a\u00ed comezoulle a chegar informaci\u00f3n destas terapias. \u00abChamoume a atenci\u00f3n e quixen saber se era ou non era certo. E comecei a pensar de que maneira poder\u00eda eu chegar a isto e consultei ao doutor Ronald Schultz que \u00e9 un m\u00e9dico chileno que fai terapia regresiva; consulteille a el e f\u00edxome unha terapia a min. Gustoume tanto que fiquei moi interesada e xusto nese momento enc\u00f3ntrome co libro do doutor Cabouli. Cando lin o seu libro decidinme e viaxei a Arxentina a especializarme e a traballar cos meus pacientes\u00bb.\u2013<\/span><\/span><\/p>\n<p class=\"western\" align=\"justify\">\u2013<span style=\"font-family: Times New Roman, serif\"><span style=\"font-size: large\"><b>Como \u00e9 a mestura entre a medicina e as regresi\u00f3ns?\u2013<\/b><\/span><\/span><\/p>\n<p class=\"western\" align=\"justify\">\u2013<span style=\"font-family: Times New Roman, serif\"><span style=\"font-size: large\">Primeiro de todo t\u00e9\u00f1oo separado na mi\u00f1a consulta; nesta sala fago as regresi\u00f3ns e \u00e1 beira traballo coa medicina. Pero todo \u00e9 distinto, xa que a terapia regresiva require m\u00e1is tempo, son moi diferentes.\u2013<\/span><\/span><\/p>\n<p class=\"western\" align=\"justify\">\u2013<span style=\"font-family: Times New Roman, serif\"><span style=\"font-size: large\"><b>Por que \u00e9 unha terapia da alma?\u2013<\/b><\/span><\/span><\/p>\n<p class=\"western\" align=\"justify\">\u2013<span style=\"font-family: Times New Roman, serif\"><span style=\"font-size: large\">Eu considero que \u00e9 unha terapia da alma, porque se traballa en profundidade recorrendo \u00e1 sabedor\u00eda que est\u00e1 na alma das persoas. Coas regresi\u00f3ns act\u00edvanse unha serie de feitos que se atopan s\u00f3 na alma. A memoria est\u00e1 na alma.<\/span><\/span><\/p>\n<p class=\"western\" align=\"justify\"><span style=\"font-family: Times New Roman, serif\"><span style=\"font-size: large\">En certa forma, tam\u00e9n, \u00e9 unha autoterapia acompa\u00f1ada por un terapeuta, mais as respostas que precisamos para sanar est\u00e1n dentro de n\u00f3s mesmos.\u2013<\/span><\/span><\/p>\n<p class=\"western\" align=\"justify\">\u2013<span style=\"font-family: Times New Roman, serif\"><span style=\"font-size: large\"><b>Cal \u00e9 ent\u00f3n a funci\u00f3n do terapeuta?\u2013<\/b><\/span><\/span><\/p>\n<p class=\"western\" align=\"justify\">\u2013<span style=\"font-family: Times New Roman, serif\"><span style=\"font-size: large\">Cando unha persoa recorre a esta terapia o terapeuta o que fai \u00e9 guiar, acompa\u00f1ar, pero as respostas est\u00e1n dentro do mesmo paciente.\u2013<\/span><\/span><\/p>\n<p class=\"western\" align=\"justify\"><span style=\"font-family: Times New Roman, serif\"><span style=\"font-size: large\"><b>Como se fai.<\/b><\/span><\/span><\/p>\n<p class=\"western\" align=\"justify\">\u2013<span style=\"font-family: Times New Roman, serif\"><span style=\"font-size: large\"><b>Como \u00e9 o proceso que realiza vostede antes de transportar o seu paciente a unha vida pasada?\u2013<\/b><\/span><\/span><\/p>\n<p class=\"western\" align=\"justify\">\u2013<span style=\"font-family: Times New Roman, serif\"><span style=\"font-size: large\">Primeiro fago unha entrevista para co\u00f1ecer a persoa, para saber que problema ten, os motivos que ten para facerse unha regresi\u00f3n. Tam\u00e9n me preguntan os detalles, para que a persoa se sinta segura. Cando unha persoa chega \u00e1 mi\u00f1a consulta e desexa realizar este proceso inter\u00e9same que te\u00f1a motivos m\u00e1is elevados, m\u00e1is espirituais. Por curiosidade non serve demasiado.\u2013<\/span><\/span><\/p>\n<p class=\"western\" align=\"justify\">\u2013<span style=\"font-family: Times New Roman, serif\"><span style=\"font-size: large\"><b>As regresi\u00f3ns que realiza son ata o ventre materno ou a vidas anteriores tam\u00e9n?\u2013<\/b><\/span><\/span><\/p>\n<p class=\"western\" align=\"justify\">\u2013<span style=\"font-family: Times New Roman, serif\"><span style=\"font-size: large\">Tam\u00e9n a vidas anteriores, pero isto non depende de min, depende do que necesite o paciente. Cando o paciente consulta por algo, por exemplo por unha fobia ou que te\u00f1a medo \u00e1s ara\u00f1as e non lembra ter un episodio causante nesta vida, o m\u00e1is probable \u00e9 que ve\u00f1a de vidas pasadas. Xeralmente a\u00ed vaise a traballar con vidas pasadas, pero pode ocorrer que o paciente lembre algo e hai un episodio de temor coas ara\u00f1as nesta vida, mais iso pode ser a repetici\u00f3n dun feito da vida anterior. Daquela, nunha primeira regresi\u00f3n, poida que apareza s\u00f3 esta vida, pero se un segue a investigar poida que aparezan vidas pasadas.\u2013<\/span><\/span><\/p>\n<p class=\"western\" align=\"justify\">\u2013<span style=\"font-family: Times New Roman, serif\"><span style=\"font-size: large\"><b>Qu\u00e9 tipo de dores ou carencias se poden sanar ou recuperar cunha regresi\u00f3n?\u2013<\/b><\/span><\/span><\/p>\n<p class=\"western\" align=\"justify\">\u2013<span style=\"font-family: Times New Roman, serif\"><span style=\"font-size: large\">Emocionais en primeiro lugar: crises de p\u00e1nico, s\u00edndromes angustiosas, problemas de relaci\u00f3ns, xa sexa entre pais e fillos, coas parellas, etc. Tam\u00e9n problemas vocacionais ou se te\u00f1en algunha dificultade para enfrontar e sacar adiante as s\u00faas carreiras.\u2013<\/span><\/span><\/p>\n<p class=\"western\" align=\"justify\"><span style=\"font-family: Times New Roman, serif\"><span style=\"font-size: large\"><b>Fonte: Doutora Viviana Zenteno. Tel\u00e9fono: 331 0371\/331 0530.<\/b><\/span><\/span><\/p>\n<p class=\"western\" align=\"justify\"><span style=\"font-family: Times New Roman, serif\"><span style=\"font-size: large\"><b>Por: Carmen Luz Heredia.<\/b><\/span><\/span><\/p>\n<p class=\"western\" align=\"justify\"><span style=\"font-family: Times New Roman, serif\"><span style=\"font-size: large\"><b>Copyright Terra Networks Chile S.A.<\/b><\/span><\/span><\/p>\n<p class=\"western\" align=\"justify\"><span style=\"font-family: Times New Roman, serif\"><span style=\"font-size: large\"><b>Traduci\u00f3n \u00e1 lingua galega: Vicenzo Reboleiro Gonz\u00e1lez.<\/b><\/span><\/span><\/p>\n<p class=\"western\" align=\"justify\"><span style=\"font-family: Times New Roman, serif\"><span style=\"font-size: large\">Ligaz\u00f3n da entrevista orixinal en castel\u00e1n publicada no sitio web \u00ab<i>Terapia da alma<\/i>\u00bb:<\/span><\/span><\/p>\n<p class=\"western\" lang=\"ca-ES\" align=\"justify\"><span style=\"color: #000080\"><u><a href=\"https:\/\/terapiadelalma.org\/entrevista-terra\/\"><span style=\"font-family: Times New Roman, serif\"><span style=\"font-size: large\"><span lang=\"gl-ES\">https:\/\/terapiadelalma.org\/entrevista-terra\/<\/span><\/span><\/span><\/a><\/u><\/span><\/p>","protected":false},"excerpt":{"rendered":"<p>Doutora Viviana Zenteno. As regresi\u00f3ns como terapia da alma. Entrevista Terra, 6-5-2010. Entrevista Terra Networks Chile. Xoves, 6 de Maio de 2010. Doutora Viviana Zenteno. As regresi\u00f3ns como terapia da &hellip; <a href=\"https:\/\/animaweb.blog.pangea.org\/gl\/doctora-viviana-zenteno-les-regressions-com-a-terapia-de-lanima-entrevista-terra-6-5-2010\/\" class=\"more-link\">Ler m\u00e1is<span class=\"screen-reader-text\"> &#8220;Doutora Viviana Zenteno. As regresi\u00f3ns como terapia da alma. Entrevista Terra, 6-5-2010.&#8221;<\/span><\/a><\/p>\n","protected":false},"author":12345698,"featured_media":0,"parent":0,"menu_order":0,"comment_status":"closed","ping_status":"closed","template":"","meta":{"ngg_post_thumbnail":0,"footnotes":""},"class_list":["post-905","page","type-page","status-publish","hentry"],"_links":{"self":[{"href":"https:\/\/animaweb.blog.pangea.org\/gl\/wp-json\/wp\/v2\/pages\/905","targetHints":{"allow":["GET"]}}],"collection":[{"href":"https:\/\/animaweb.blog.pangea.org\/gl\/wp-json\/wp\/v2\/pages"}],"about":[{"href":"https:\/\/animaweb.blog.pangea.org\/gl\/wp-json\/wp\/v2\/types\/page"}],"author":[{"embeddable":true,"href":"https:\/\/animaweb.blog.pangea.org\/gl\/wp-json\/wp\/v2\/users\/12345698"}],"replies":[{"embeddable":true,"href":"https:\/\/animaweb.blog.pangea.org\/gl\/wp-json\/wp\/v2\/comments?post=905"}],"version-history":[{"count":9,"href":"https:\/\/animaweb.blog.pangea.org\/gl\/wp-json\/wp\/v2\/pages\/905\/revisions"}],"predecessor-version":[{"id":2024,"href":"https:\/\/animaweb.blog.pangea.org\/gl\/wp-json\/wp\/v2\/pages\/905\/revisions\/2024"}],"wp:attachment":[{"href":"https:\/\/animaweb.blog.pangea.org\/gl\/wp-json\/wp\/v2\/media?parent=905"}],"curies":[{"name":"wp","href":"https:\/\/api.w.org\/{rel}","templated":true}]}}

Doutora Viviana Zenteno. As regresións como terapia da alma. Entrevista Terra, 6-5-2010.

<p class="western" align="center"><span style="font-family: Times New Roman, serif"><span style="font-size: x-large"><b>Doutora Viviana Zenteno. As regresións como terapia da alma. Entrevista Terra, 6-5-2010.</b></span></span></p>
<p class="western" align="justify"><span style="font-family: Times New Roman, serif"><span style="font-size: large"><b><img loading="lazy" decoding="async" class="alignright wp-image-908 size-full" title="Terra Networks." src="https://animaweb.cat/files/2020/10/Terra_Networks_logotip_72ppp_200x58px.png" alt="Terra Networks." width="200" height="58" />Entrevista Terra Networks Chile.</b></span></span></p>
<p class="western" align="justify"><span style="font-family: Times New Roman, serif"><span style="font-size: large">Xoves, 6 de Maio de 2010.</span></span></p>
<p style="text-align: center" align="justify"><b><img loading="lazy" decoding="async" class="aligncenter wp-image-906 size-full" title="Doutora Viviana Zenteno." src="https://animaweb.cat/files/2020/10/Viviana_Zenteno_sentada_72ppp_600x397px.png" alt="Doutora Viviana Zenteno." width="600" height="397" srcset="https://animaweb.blog.pangea.org/files/2020/10/Viviana_Zenteno_sentada_72ppp_600x397px.png 600w, https://animaweb.blog.pangea.org/files/2020/10/Viviana_Zenteno_sentada_72ppp_600x397px-300x199.png 300w" sizes="auto, (max-width: 600px) 85vw, 600px" /></b></p>
<p class="western" style="text-align: center" align="justify"><span style="font-family: Times New Roman, serif"><span style="font-size: large"><b>Doutora Viviana Zenteno.</b></span></span></p>
<p class="western" align="justify"><span style="font-family: Times New Roman, serif"><span style="font-size: large"><b>As regresións como terapia da alma.</b></span></span></p>
<p class="western" align="justify"><span style="font-family: Times New Roman, serif"><span style="font-size: large"><i>A través desta técnica, o pasado mestúrase co presente e actívanse unha serie de feitos que non están no consciente.</i></span></span></p>
<p class="western" align="justify"><span style="font-family: Times New Roman, serif"><span style="font-size: large">Santiago. Xoves, 20 de Xullo de 2006. «Terapia da alma» é o nome do libro da Doutora Viviana Zenteno, en que describe os diferentes casos de regresións que experimentou cos seus pacientes.</span></span></p>
<p class="western" align="justify"><span style="font-family: Times New Roman, serif"><span style="font-size: large">Para ela, máis que unha regresión é unha terapia da alma, xa que traballa en profundidade recorrendo á sabedoría que está no máis profundo das persoas.</span></span></p>
<p class="western" align="justify"><span style="font-family: Times New Roman, serif"><span style="font-size: large">Segundo a doutora Zenteno, o mundo da medicina pode sanar dores físicas, problemas mentais, entre outros; con todo, non logra sanar as doenzas da alma. Por esta razón decidiuse a investigar sobre as regresións e todo foi chegando ao seu debido tempo. Primeiro foi un libro do recoñecido terapeuta Bryan Weiss sobre as vidas pasadas para logo mergullarse de cheo no estudo desta terapia e continuar por este camiño.</span></span></p>
<p class="western" align="justify">–<span style="font-family: Times New Roman, serif"><span style="font-size: large"><b>Como aprendeu a técnica da regresión?–</b></span></span></p>
<p class="western" align="justify">–<span style="font-family: Times New Roman, serif"><span style="font-size: large">Contactei co Doutor José Luís Cabouli, especialista en terapia de vidas pasadas, quen ademais ten varios libros sobre o tema. Eu lin o primeiro libro que escribiu e interesoume moitísimo. Despois escribinlle e comecei un curso intensivo en tres etapas.–</span></span></p>
<p class="western" align="justify">–<span style="font-family: Times New Roman, serif"><span style="font-size: large"><b>Por que decidiu estudar as regresións?–</b></span></span></p>
<p class="western" align="justify">–<span style="font-family: Times New Roman, serif"><span style="font-size: large">Sempre tiven unha grande inquietude, mais nunca dubidei que quería ser médico, quería axudar a sanar ás persoas e por iso elixín a medicina interna, que é un campo bastante amplo para abranguer a todas as persoas coas súas enfermidades. Sempre tiven unha moi boa chegada coa xente, mesmo, nun minuto pensei en ser psiquiatra, mais decidín que a medicina interna me conviña para ter unha visión máis ampla do paciente. Co tempo funme decatando que faltaba algo; podía axudarlles a sanar o seu corpo, a súa mente, con todo, había algo do paciente que se me escapaba e dábame conta tamén que a xente se enfermaba cando estaban mal emocionalmente.</span></span></p>
<p class="western" align="justify"><span style="font-family: Times New Roman, serif"><span style="font-size: large">A experta revela que foi entón cando se deu conta de que case todas as enfermidades tiñan un compoñente emocional. «Iso provocoume unha grande inquietude. Pensaba: &#8220;estou a atender unha parte, pero fáltame algo&#8221;. Quería chegar á alma dos pacientes».</span></span></p>
<p class="western" align="justify"><span style="font-family: Times New Roman, serif"><span style="font-size: large">Nese período,chegou o mestre e aí comezoulle a chegar información destas terapias. «Chamoume a atención e quixen saber se era ou non era certo. E comecei a pensar de que maneira podería eu chegar a isto e consultei ao doutor Ronald Schultz que é un médico chileno que fai terapia regresiva; consulteille a el e fíxome unha terapia a min. Gustoume tanto que fiquei moi interesada e xusto nese momento encóntrome co libro do doutor Cabouli. Cando lin o seu libro decidinme e viaxei a Arxentina a especializarme e a traballar cos meus pacientes».–</span></span></p>
<p class="western" align="justify">–<span style="font-family: Times New Roman, serif"><span style="font-size: large"><b>Como é a mestura entre a medicina e as regresións?–</b></span></span></p>
<p class="western" align="justify">–<span style="font-family: Times New Roman, serif"><span style="font-size: large">Primeiro de todo téñoo separado na miña consulta; nesta sala fago as regresións e á beira traballo coa medicina. Pero todo é distinto, xa que a terapia regresiva require máis tempo, son moi diferentes.–</span></span></p>
<p class="western" align="justify">–<span style="font-family: Times New Roman, serif"><span style="font-size: large"><b>Por que é unha terapia da alma?–</b></span></span></p>
<p class="western" align="justify">–<span style="font-family: Times New Roman, serif"><span style="font-size: large">Eu considero que é unha terapia da alma, porque se traballa en profundidade recorrendo á sabedoría que está na alma das persoas. Coas regresións actívanse unha serie de feitos que se atopan só na alma. A memoria está na alma.</span></span></p>
<p class="western" align="justify"><span style="font-family: Times New Roman, serif"><span style="font-size: large">En certa forma, tamén, é unha autoterapia acompañada por un terapeuta, mais as respostas que precisamos para sanar están dentro de nós mesmos.–</span></span></p>
<p class="western" align="justify">–<span style="font-family: Times New Roman, serif"><span style="font-size: large"><b>Cal é entón a función do terapeuta?–</b></span></span></p>
<p class="western" align="justify">–<span style="font-family: Times New Roman, serif"><span style="font-size: large">Cando unha persoa recorre a esta terapia o terapeuta o que fai é guiar, acompañar, pero as respostas están dentro do mesmo paciente.–</span></span></p>
<p class="western" align="justify"><span style="font-family: Times New Roman, serif"><span style="font-size: large"><b>Como se fai.</b></span></span></p>
<p class="western" align="justify">–<span style="font-family: Times New Roman, serif"><span style="font-size: large"><b>Como é o proceso que realiza vostede antes de transportar o seu paciente a unha vida pasada?–</b></span></span></p>
<p class="western" align="justify">–<span style="font-family: Times New Roman, serif"><span style="font-size: large">Primeiro fago unha entrevista para coñecer a persoa, para saber que problema ten, os motivos que ten para facerse unha regresión. Tamén me preguntan os detalles, para que a persoa se sinta segura. Cando unha persoa chega á miña consulta e desexa realizar este proceso interésame que teña motivos máis elevados, máis espirituais. Por curiosidade non serve demasiado.–</span></span></p>
<p class="western" align="justify">–<span style="font-family: Times New Roman, serif"><span style="font-size: large"><b>As regresións que realiza son ata o ventre materno ou a vidas anteriores tamén?–</b></span></span></p>
<p class="western" align="justify">–<span style="font-family: Times New Roman, serif"><span style="font-size: large">Tamén a vidas anteriores, pero isto non depende de min, depende do que necesite o paciente. Cando o paciente consulta por algo, por exemplo por unha fobia ou que teña medo ás arañas e non lembra ter un episodio causante nesta vida, o máis probable é que veña de vidas pasadas. Xeralmente aí vaise a traballar con vidas pasadas, pero pode ocorrer que o paciente lembre algo e hai un episodio de temor coas arañas nesta vida, mais iso pode ser a repetición dun feito da vida anterior. Daquela, nunha primeira regresión, poida que apareza só esta vida, pero se un segue a investigar poida que aparezan vidas pasadas.–</span></span></p>
<p class="western" align="justify">–<span style="font-family: Times New Roman, serif"><span style="font-size: large"><b>Qué tipo de dores ou carencias se poden sanar ou recuperar cunha regresión?–</b></span></span></p>
<p class="western" align="justify">–<span style="font-family: Times New Roman, serif"><span style="font-size: large">Emocionais en primeiro lugar: crises de pánico, síndromes angustiosas, problemas de relacións, xa sexa entre pais e fillos, coas parellas, etc. Tamén problemas vocacionais ou se teñen algunha dificultade para enfrontar e sacar adiante as súas carreiras.–</span></span></p>
<p class="western" align="justify"><span style="font-family: Times New Roman, serif"><span style="font-size: large"><b>Fonte: Doutora Viviana Zenteno. Teléfono: 331 0371/331 0530.</b></span></span></p>
<p class="western" align="justify"><span style="font-family: Times New Roman, serif"><span style="font-size: large"><b>Por: Carmen Luz Heredia.</b></span></span></p>
<p class="western" align="justify"><span style="font-family: Times New Roman, serif"><span style="font-size: large"><b>Copyright Terra Networks Chile S.A.</b></span></span></p>
<p class="western" align="justify"><span style="font-family: Times New Roman, serif"><span style="font-size: large"><b>Tradución á lingua galega: Vicenzo Reboleiro González.</b></span></span></p>
<p class="western" align="justify"><span style="font-family: Times New Roman, serif"><span style="font-size: large">Ligazón da entrevista orixinal en castelán publicada no sitio web «<i>Terapia da alma</i>»:</span></span></p>
<p class="western" lang="ca-ES" align="justify"><span style="color: #000080"><u><a href="https://terapiadelalma.org/entrevista-terra/"><span style="font-family: Times New Roman, serif"><span style="font-size: large"><span lang="gl-ES">https://terapiadelalma.org/entrevista-terra/</span></span></span></a></u></span></p>

<p>Doutora Viviana Zenteno. As regresións como terapia da alma. Entrevista Terra, 6-5-2010. Entrevista Terra Networks Chile. Xoves, 6 de Maio de 2010. Doutora Viviana Zenteno. As regresións como terapia da &hellip; <a href="https://animaweb.blog.pangea.org/gl/doctora-viviana-zenteno-les-regressions-com-a-terapia-de-lanima-entrevista-terra-6-5-2010/" class="more-link">Ler máis<span class="screen-reader-text"> &#8220;Doutora Viviana Zenteno. As regresións como terapia da alma. Entrevista Terra, 6-5-2010.&#8221;</span></a></p>
