{"id":624,"date":"2019-12-28T20:24:10","date_gmt":"2019-12-28T18:24:10","guid":{"rendered":"https:\/\/animaweb.cat\/?page_id=624"},"modified":"2022-12-30T21:42:17","modified_gmt":"2022-12-30T19:42:17","slug":"cas-davortament-terapia-de-possessio-espiritual","status":"publish","type":"page","link":"https:\/\/animaweb.blog.pangea.org\/gl\/cas-davortament-terapia-de-possessio-espiritual\/","title":{"rendered":"Caso de aborto. Terapia da posesi\u00f3n espiritual."},"content":{"rendered":"<p class=\"western\" align=\"center\"><span style=\"font-family: Times New Roman, serif\"><span style=\"font-size: x-large\"><b>Caso de aborto. Terapia d<\/b><\/span><\/span><span style=\"font-family: Times New Roman, serif\"><span style=\"font-size: x-large\"><b>a<\/b><\/span><\/span><span style=\"font-family: Times New Roman, serif\"><span style=\"font-size: x-large\"><b> posesi\u00f3n espiritual.<\/b><\/span><\/span><\/p>\n<p align=\"center\"><b><img loading=\"lazy\" decoding=\"async\" class=\"aligncenter wp-image-625 size-full\" title=\"Caso de aborto. Terapia da posesi\u00f3n espiritual. Figura 5.\" src=\"https:\/\/animaweb.cat\/files\/2019\/12\/Jose_Luis_Cabouli_Terapia_de_Posesion_Espiritual_Figura_5_Aborto_Foto_Raul_Torres_72ppp_600x907px.png\" alt=\"Caso de aborto. Terapia da posesi\u00f3n espiritual. Figura 5.\" width=\"600\" height=\"907\" srcset=\"https:\/\/animaweb.blog.pangea.org\/files\/2019\/12\/Jose_Luis_Cabouli_Terapia_de_Posesion_Espiritual_Figura_5_Aborto_Foto_Raul_Torres_72ppp_600x907px.png 600w, https:\/\/animaweb.blog.pangea.org\/files\/2019\/12\/Jose_Luis_Cabouli_Terapia_de_Posesion_Espiritual_Figura_5_Aborto_Foto_Raul_Torres_72ppp_600x907px-198x300.png 198w\" sizes=\"auto, (max-width: 600px) 85vw, 600px\" \/><\/b><\/p>\n<p class=\"western\" align=\"center\"><span style=\"font-family: Times New Roman, serif\"><span style=\"font-size: large\"><b>Figura 5.<\/b><\/span><\/span><\/p>\n<p class=\"western\" align=\"justify\"><span style=\"font-family: Times New Roman, serif\"><span style=\"font-size: large\">A BEG (Bioelectrograf\u00eda) corresponde a unha muller de trinta e cinco a\u00f1os que perdeu un embarazo de tres meses como consecuencia dun accidente. A muller refer\u00eda medo e culpa porque o accidente se debeu a unha imprudencia s\u00faa. A BEG foi obtida durante a sesi\u00f3n de regresi\u00f3n, xusto no momento en que a paciente expresou o seguinte:<\/span><\/span><\/p>\n<p class=\"western\" align=\"justify\"><span style=\"font-family: Times New Roman, serif\"><span style=\"font-size: large\">\u00abNeste momento sinto que o beb\u00e9 est\u00e1 dentro da mi\u00f1a cabeza\u00bb.<\/span><\/span><\/p>\n<p class=\"western\" align=\"justify\"><span style=\"font-family: Times New Roman, serif\"><span style=\"font-size: large\">Na parte superior da BEG obs\u00e9rvase unha imaxe vermella amarelenta con forma fetal evidente. Obs\u00e9rvese que a imaxe fetal cont\u00e9n a enerx\u00eda do \u00abeu\u00bb que est\u00e1 completamente ausente na paciente. Pode verse tam\u00e9n n\u00edtidamente o cord\u00f3n enerx\u00e9tico que une a imaxe fetal \u00e1 enerx\u00eda vital da paciente; a\u00ednda as\u00ed, dita enerx\u00eda est\u00e1 conservada.<\/span><\/span><\/p>\n<p class=\"western\" align=\"justify\"><b><span style=\"font-family: Times New Roman, serif\"><span style=\"font-size: large\">Imaxe da BEG: Ra\u00fal Torres, do libro do Doutor Jos\u00e9 Lu\u00eds Cabouli. <\/span><\/span><span style=\"font-family: Times New Roman, serif\"><span style=\"font-size: large\"><span lang=\"es-ES\"><i>Terapia de la posesi\u00f3n espiritual. T\u00e9cnica y pr\u00e1ctica cl\u00ednica<\/i><\/span><\/span><\/span> <span style=\"font-family: Times New Roman, serif\"><span style=\"font-size: large\">(<\/span><\/span><span style=\"font-family: Times New Roman, serif\"><span style=\"font-size: large\"><i>Terapia da posesi\u00f3n espiritual. T\u00e9cnica e pr\u00e1ctica cl\u00ednica<\/i><\/span><\/span><span style=\"font-family: Times New Roman, serif\"><span style=\"font-size: large\">). <\/span><\/span><span style=\"font-family: Times New Roman, serif\"><span style=\"font-size: large\">Editorial \u00cdndigo. P\u00e1gina 397.<br \/>\n<\/span><\/span><\/b><span style=\"color: #000000\"><span style=\"font-family: Times New Roman, serif\"><span style=\"font-size: x-large\"><b><span style=\"font-size: large\">Traduci\u00f3n \u00e1 lingua galega: Vicenzo Reboleiro Gonz\u00e1lez.<\/span><\/b><\/span><\/span><\/span><\/p>","protected":false},"excerpt":{"rendered":"<p>Caso de aborto. Terapia da posesi\u00f3n espiritual. Figura 5. A BEG (Bioelectrograf\u00eda) corresponde a unha muller de trinta e cinco a\u00f1os que perdeu un embarazo de tres meses como consecuencia &hellip; <a href=\"https:\/\/animaweb.blog.pangea.org\/gl\/cas-davortament-terapia-de-possessio-espiritual\/\" class=\"more-link\">Ler m\u00e1is<span class=\"screen-reader-text\"> &#8220;Caso de aborto. Terapia da posesi\u00f3n espiritual.&#8221;<\/span><\/a><\/p>\n","protected":false},"author":12345698,"featured_media":0,"parent":0,"menu_order":0,"comment_status":"closed","ping_status":"closed","template":"","meta":{"ngg_post_thumbnail":0,"footnotes":""},"class_list":["post-624","page","type-page","status-publish","hentry"],"_links":{"self":[{"href":"https:\/\/animaweb.blog.pangea.org\/gl\/wp-json\/wp\/v2\/pages\/624","targetHints":{"allow":["GET"]}}],"collection":[{"href":"https:\/\/animaweb.blog.pangea.org\/gl\/wp-json\/wp\/v2\/pages"}],"about":[{"href":"https:\/\/animaweb.blog.pangea.org\/gl\/wp-json\/wp\/v2\/types\/page"}],"author":[{"embeddable":true,"href":"https:\/\/animaweb.blog.pangea.org\/gl\/wp-json\/wp\/v2\/users\/12345698"}],"replies":[{"embeddable":true,"href":"https:\/\/animaweb.blog.pangea.org\/gl\/wp-json\/wp\/v2\/comments?post=624"}],"version-history":[{"count":13,"href":"https:\/\/animaweb.blog.pangea.org\/gl\/wp-json\/wp\/v2\/pages\/624\/revisions"}],"predecessor-version":[{"id":2301,"href":"https:\/\/animaweb.blog.pangea.org\/gl\/wp-json\/wp\/v2\/pages\/624\/revisions\/2301"}],"wp:attachment":[{"href":"https:\/\/animaweb.blog.pangea.org\/gl\/wp-json\/wp\/v2\/media?parent=624"}],"curies":[{"name":"wp","href":"https:\/\/api.w.org\/{rel}","templated":true}]}}

Caso de aborto. Terapia da posesión espiritual.

<p class="western" align="center"><span style="font-family: Times New Roman, serif"><span style="font-size: x-large"><b>Caso de aborto. Terapia d</b></span></span><span style="font-family: Times New Roman, serif"><span style="font-size: x-large"><b>a</b></span></span><span style="font-family: Times New Roman, serif"><span style="font-size: x-large"><b> posesión espiritual.</b></span></span></p>
<p align="center"><b><img loading="lazy" decoding="async" class="aligncenter wp-image-625 size-full" title="Caso de aborto. Terapia da posesión espiritual. Figura 5." src="https://animaweb.cat/files/2019/12/Jose_Luis_Cabouli_Terapia_de_Posesion_Espiritual_Figura_5_Aborto_Foto_Raul_Torres_72ppp_600x907px.png" alt="Caso de aborto. Terapia da posesión espiritual. Figura 5." width="600" height="907" srcset="https://animaweb.blog.pangea.org/files/2019/12/Jose_Luis_Cabouli_Terapia_de_Posesion_Espiritual_Figura_5_Aborto_Foto_Raul_Torres_72ppp_600x907px.png 600w, https://animaweb.blog.pangea.org/files/2019/12/Jose_Luis_Cabouli_Terapia_de_Posesion_Espiritual_Figura_5_Aborto_Foto_Raul_Torres_72ppp_600x907px-198x300.png 198w" sizes="auto, (max-width: 600px) 85vw, 600px" /></b></p>
<p class="western" align="center"><span style="font-family: Times New Roman, serif"><span style="font-size: large"><b>Figura 5.</b></span></span></p>
<p class="western" align="justify"><span style="font-family: Times New Roman, serif"><span style="font-size: large">A BEG (Bioelectrografía) corresponde a unha muller de trinta e cinco años que perdeu un embarazo de tres meses como consecuencia dun accidente. A muller refería medo e culpa porque o accidente se debeu a unha imprudencia súa. A BEG foi obtida durante a sesión de regresión, xusto no momento en que a paciente expresou o seguinte:</span></span></p>
<p class="western" align="justify"><span style="font-family: Times New Roman, serif"><span style="font-size: large">«Neste momento sinto que o bebé está dentro da miña cabeza».</span></span></p>
<p class="western" align="justify"><span style="font-family: Times New Roman, serif"><span style="font-size: large">Na parte superior da BEG obsérvase unha imaxe vermella amarelenta con forma fetal evidente. Obsérvese que a imaxe fetal contén a enerxía do «eu» que está completamente ausente na paciente. Pode verse tamén nítidamente o cordón enerxético que une a imaxe fetal á enerxía vital da paciente; aínda así, dita enerxía está conservada.</span></span></p>
<p class="western" align="justify"><b><span style="font-family: Times New Roman, serif"><span style="font-size: large">Imaxe da BEG: Raúl Torres, do libro do Doutor José Luís Cabouli. </span></span><span style="font-family: Times New Roman, serif"><span style="font-size: large"><span lang="es-ES"><i>Terapia de la posesión espiritual. Técnica y práctica clínica</i></span></span></span> <span style="font-family: Times New Roman, serif"><span style="font-size: large">(</span></span><span style="font-family: Times New Roman, serif"><span style="font-size: large"><i>Terapia da posesión espiritual. Técnica e práctica clínica</i></span></span><span style="font-family: Times New Roman, serif"><span style="font-size: large">). </span></span><span style="font-family: Times New Roman, serif"><span style="font-size: large">Editorial Índigo. Página 397.<br />
</span></span></b><span style="color: #000000"><span style="font-family: Times New Roman, serif"><span style="font-size: x-large"><b><span style="font-size: large">Tradución á lingua galega: Vicenzo Reboleiro González.</span></b></span></span></span></p>

<p>Caso de aborto. Terapia da posesión espiritual. Figura 5. A BEG (Bioelectrografía) corresponde a unha muller de trinta e cinco años que perdeu un embarazo de tres meses como consecuencia &hellip; <a href="https://animaweb.blog.pangea.org/gl/cas-davortament-terapia-de-possessio-espiritual/" class="more-link">Ler máis<span class="screen-reader-text"> &#8220;Caso de aborto. Terapia da posesión espiritual.&#8221;</span></a></p>
