{"id":1985,"date":"2022-08-24T08:58:08","date_gmt":"2022-08-24T06:58:08","guid":{"rendered":"https:\/\/animaweb.cat\/?page_id=1985"},"modified":"2023-01-22T23:16:12","modified_gmt":"2023-01-22T21:16:12","slug":"multimedia","status":"publish","type":"page","link":"https:\/\/animaweb.blog.pangea.org\/gl\/multimedia\/","title":{"rendered":"Multimedia"},"content":{"rendered":"<p lang=\"gl-ES\"><span style=\"font-family: Times New Roman, serif\"><span style=\"font-size: x-large\"><b>Multimedia.<\/b><\/span><\/span><\/p>\n<p lang=\"gl-ES\" align=\"justify\"><a href=\"\/gl\/el-credit-cosmic-pel-doctor-jose-luis-cabouli-conferencia-en-castella-subtitulada-en-catala\/\"><span style=\"font-family: Times New Roman, serif\"><span style=\"font-size: x-large\"><b>\u00abO cr\u00e9dito c\u00f3smico\u00bb polo Doutor Jos\u00e9 Lu\u00eds Cabouli. Conferencia en castel\u00e1n subtitulada en galego.<br \/>\n<\/b><\/span><\/span><\/a><span style=\"font-family: Times New Roman, serif\"><span style=\"font-size: x-large\"><i><span style=\"font-size: large\">Fragmento da conferencia titulada \u00abLa vida antes de nacer\u00bb do Doutor Jos\u00e9 Lu\u00eds Cabouli celebrada na Sala Polivalente del Soler\u00e0s (Las Garrigues, Catalu\u00f1a) o s\u00e1bado, 29 de agosto de 2020.<br \/>\n<\/span><\/i><\/span><\/span><span style=\"font-family: Times New Roman, serif\"><span style=\"font-size: x-large\"><span style=\"font-size: large\">Perfil da publicaci\u00f3n de \u00ab<\/span><span style=\"font-size: large\"><i>Odysee<\/i><\/span><span style=\"font-size: large\">\u00bb: Animaweb. Conferencias en galego. Data de publicaci\u00f3n en \u00ab<\/span><span style=\"font-size: large\"><i>Odysee<\/i><\/span><span style=\"font-size: large\">\u00bb: Martes, 18 de outubro de 2022. Duraci\u00f3n do video: 3 minutos e 33 segundos. Idioma: voz en castel\u00e1n con subt\u00edtulos en galego.<br \/>\n<\/span><\/span><\/span><span style=\"font-family: Times New Roman, serif\"><span style=\"font-size: large\"><b>Traduci\u00f3n: Vicenzo Reboleiro Gonz\u00e1lez.<\/b><\/span><\/span><\/p>","protected":false},"excerpt":{"rendered":"<p>Multimedia. \u00abO cr\u00e9dito c\u00f3smico\u00bb polo Doutor Jos\u00e9 Lu\u00eds Cabouli. Conferencia en castel\u00e1n subtitulada en galego. Fragmento da conferencia titulada \u00abLa vida antes de nacer\u00bb do Doutor Jos\u00e9 Lu\u00eds Cabouli celebrada &hellip; <a href=\"https:\/\/animaweb.blog.pangea.org\/gl\/multimedia\/\" class=\"more-link\">Ler m\u00e1is<span class=\"screen-reader-text\"> &#8220;Multimedia&#8221;<\/span><\/a><\/p>\n","protected":false},"author":12345698,"featured_media":0,"parent":0,"menu_order":0,"comment_status":"closed","ping_status":"closed","template":"","meta":{"ngg_post_thumbnail":0,"footnotes":""},"class_list":["post-1985","page","type-page","status-publish","hentry"],"_links":{"self":[{"href":"https:\/\/animaweb.blog.pangea.org\/gl\/wp-json\/wp\/v2\/pages\/1985","targetHints":{"allow":["GET"]}}],"collection":[{"href":"https:\/\/animaweb.blog.pangea.org\/gl\/wp-json\/wp\/v2\/pages"}],"about":[{"href":"https:\/\/animaweb.blog.pangea.org\/gl\/wp-json\/wp\/v2\/types\/page"}],"author":[{"embeddable":true,"href":"https:\/\/animaweb.blog.pangea.org\/gl\/wp-json\/wp\/v2\/users\/12345698"}],"replies":[{"embeddable":true,"href":"https:\/\/animaweb.blog.pangea.org\/gl\/wp-json\/wp\/v2\/comments?post=1985"}],"version-history":[{"count":16,"href":"https:\/\/animaweb.blog.pangea.org\/gl\/wp-json\/wp\/v2\/pages\/1985\/revisions"}],"predecessor-version":[{"id":2380,"href":"https:\/\/animaweb.blog.pangea.org\/gl\/wp-json\/wp\/v2\/pages\/1985\/revisions\/2380"}],"wp:attachment":[{"href":"https:\/\/animaweb.blog.pangea.org\/gl\/wp-json\/wp\/v2\/media?parent=1985"}],"curies":[{"name":"wp","href":"https:\/\/api.w.org\/{rel}","templated":true}]}}

<p lang="gl-ES"><span style="font-family: Times New Roman, serif"><span style="font-size: x-large"><b>Multimedia.</b></span></span></p>
<p lang="gl-ES" align="justify"><a href="/gl/el-credit-cosmic-pel-doctor-jose-luis-cabouli-conferencia-en-castella-subtitulada-en-catala/"><span style="font-family: Times New Roman, serif"><span style="font-size: x-large"><b>«O crédito cósmico» polo Doutor José Luís Cabouli. Conferencia en castelán subtitulada en galego.<br />
</b></span></span></a><span style="font-family: Times New Roman, serif"><span style="font-size: x-large"><i><span style="font-size: large">Fragmento da conferencia titulada «La vida antes de nacer» do Doutor José Luís Cabouli celebrada na Sala Polivalente del Soleràs (Las Garrigues, Cataluña) o sábado, 29 de agosto de 2020.<br />
</span></i></span></span><span style="font-family: Times New Roman, serif"><span style="font-size: x-large"><span style="font-size: large">Perfil da publicación de «</span><span style="font-size: large"><i>Odysee</i></span><span style="font-size: large">»: Animaweb. Conferencias en galego. Data de publicación en «</span><span style="font-size: large"><i>Odysee</i></span><span style="font-size: large">»: Martes, 18 de outubro de 2022. Duración do video: 3 minutos e 33 segundos. Idioma: voz en castelán con subtítulos en galego.<br />
</span></span></span><span style="font-family: Times New Roman, serif"><span style="font-size: large"><b>Tradución: Vicenzo Reboleiro González.</b></span></span></p>

<p>Multimedia. «O crédito cósmico» polo Doutor José Luís Cabouli. Conferencia en castelán subtitulada en galego. Fragmento da conferencia titulada «La vida antes de nacer» do Doutor José Luís Cabouli celebrada &hellip; <a href="https://animaweb.blog.pangea.org/gl/multimedia/" class="more-link">Ler máis<span class="screen-reader-text"> &#8220;Multimedia&#8221;</span></a></p>
