{"id":1978,"date":"2022-08-24T08:42:06","date_gmt":"2022-08-24T06:42:06","guid":{"rendered":"https:\/\/animaweb.cat\/?page_id=1978"},"modified":"2023-01-23T23:32:15","modified_gmt":"2023-01-23T21:32:15","slug":"el-credit-cosmic-pel-doctor-jose-luis-cabouli-conferencia-en-castella-subtitulada-en-catala","status":"publish","type":"page","link":"https:\/\/animaweb.blog.pangea.org\/fr\/el-credit-cosmic-pel-doctor-jose-luis-cabouli-conferencia-en-castella-subtitulada-en-catala\/","title":{"rendered":"\u00ab\u00a0Le cr\u00e9dit cosmique\u00a0\u00bb par le Docteur Jos\u00e9 Luis Cabouli. Conf\u00e9rence en espagnol sous-titr\u00e9e en fran\u00e7ais."},"content":{"rendered":"<p class=\"western\" lang=\"fr-FR\" align=\"center\"><span style=\"font-family: Times New Roman, serif\"><span style=\"font-size: x-large\"><b>\u00ab\u00a0Le cr\u00e9dit cosmique\u00a0\u00bb par le D<\/b><\/span><\/span><span style=\"font-family: Times New Roman, serif\"><span style=\"font-size: x-large\"><b>octeu<\/b><\/span><\/span><span style=\"font-family: Times New Roman, serif\"><span style=\"font-size: x-large\"><b>r Jos\u00e9 Luis Cabouli. Conf\u00e9rence en espagnol sous-titr\u00e9e en fran\u00e7ais.<\/b><\/span><\/span><\/p>\n<p lang=\"en-GB\" align=\"center\"><a href=\"https:\/\/odysee.com\/@animaweb:b\/Doctor_Jose_Luis_Cabouli_El_credito_cosmico_castellano_sous-titre_francais:d\"><img loading=\"lazy\" decoding=\"async\" class=\"aligncenter wp-image-2059 size-full\" title=\"\u00ab\u00a0Le cr\u00e9dit cosmique\u00a0\u00bb par le Docteur Jos\u00e9 Luis Cabouli. Conf\u00e9rence en espagnol sous-titr\u00e9e en fran\u00e7ais.\" src=\"https:\/\/animaweb.cat\/files\/2022\/10\/Doctor_Jose_Luis_Cabouli_El_credito_cosmico_castellano_subtitulado_castellano_primer_fotograma_72ppp_800x450px_francais_2.png\" alt=\"\u00ab\u00a0Le cr\u00e9dit cosmique\u00a0\u00bb par le Docteur Jos\u00e9 Luis Cabouli. Conf\u00e9rence en espagnol sous-titr\u00e9e en fran\u00e7ais.\" width=\"800\" height=\"450\" srcset=\"https:\/\/animaweb.blog.pangea.org\/files\/2022\/10\/Doctor_Jose_Luis_Cabouli_El_credito_cosmico_castellano_subtitulado_castellano_primer_fotograma_72ppp_800x450px_francais_2.png 800w, https:\/\/animaweb.blog.pangea.org\/files\/2022\/10\/Doctor_Jose_Luis_Cabouli_El_credito_cosmico_castellano_subtitulado_castellano_primer_fotograma_72ppp_800x450px_francais_2-300x169.png 300w, https:\/\/animaweb.blog.pangea.org\/files\/2022\/10\/Doctor_Jose_Luis_Cabouli_El_credito_cosmico_castellano_subtitulado_castellano_primer_fotograma_72ppp_800x450px_francais_2-768x432.png 768w\" sizes=\"auto, (max-width: 800px) 85vw, 800px\" \/><\/a><span style=\"font-family: Times New Roman, serif\"><span style=\"font-size: large\"><a href=\"https:\/\/odysee.com\/@animaweb:b\/Doctor_Jose_Luis_Cabouli_El_credito_cosmico_castellano_sous-titre_francais:d\"><span lang=\"fr-FR\">https:\/\/odysee.com\/@animaweb:b\/Doctor_Jose_Luis_Cabouli_El_credito_cosmico_castellano_sous-titre_francais:d<\/span><\/a><\/span><\/span><\/p>\n<p class=\"western\" lang=\"fr-FR\" align=\"justify\"><span style=\"font-family: Times New Roman, serif\"><span style=\"font-size: large\">Passage de la conf\u00e9rence intitul\u00e9e <i>\u00ab\u00a0La vie avant la naissance\u00a0\u00bb<\/i> du Docteur Jos\u00e9 Luis Cabouli, tenue dans la Salle Polyvalente de Soler\u00e0s (Les Garrigues, Catalunya) samedi le 29 ao\u00fbt 2020.<\/span><\/span><\/p>\n<p class=\"western\" lang=\"fr-FR\" align=\"justify\"><span style=\"font-family: Times New Roman, serif\"><span style=\"font-size: large\">Cette conf\u00e9rence pr\u00e9sente le livre au m\u00eame titre \u00e9crit par le Docteur Cabouli, et est bas\u00e9e sur le dialogue avec les patients soumis \u00e0 la th\u00e9rapie de r\u00e9gression, o\u00f9 ils \u00e9prouvent \u00e0 nouveau des exp\u00e9riences, soit de vies pass\u00e9es, de p\u00e9riodes entre des vies, pendant leur conception, pendant leur gestation au ventre de leur m\u00e8re, ou \u00e0 leur naissance. Le but est de soigner les phobies ou les traumas du pass\u00e9, ou d\u2019assimiler des le\u00e7ons de vie en attente d\u2019\u00eatre apprises.<\/span><\/span><\/p>\n<p class=\"western\" lang=\"fr-FR\" align=\"justify\"><span style=\"font-family: Times New Roman, serif\"><span style=\"font-size: large\">Dans ce passage, le Docteur Cabouli pr\u00e9sente aux assistants \u00e0 la s\u00e9ance une notion, celle de <i>\u00ab\u00a0Le cr\u00e9dit cosmique\u00a0\u00bb<\/i>, qui concerne l\u2019\u00e9tat partag\u00e9 avec le <i>\u00ab\u00a0karma\u00a0\u00bb <\/i>ou <i>\u00ab\u00a0dette\u00a0\u00bb<\/i> mais avec la polarit\u00e9 contraire. Selon la qualit\u00e9 du solde de l\u2019\u00e2me individuelle on peut \u00e9tablir un pouvoir d\u2019\u00e9lection donn\u00e9 de leur part, par exemple, de pouvoir choisir certaines conditions de leur future incarnation.<\/span><\/span><\/p>\n<p class=\"western\" lang=\"fr-FR\" align=\"justify\"><span style=\"font-family: Times New Roman, serif\"><span style=\"font-size: large\">Nous nous excusons parce que, \u00e0 cause des r\u00e8gles \u00e9tablies pour la r\u00e9alisation de l\u2019acte, il a fallu mettre en place une s\u00e9paration entre les diff\u00e9rentes personnes pr\u00e9sentes et la condition g\u00eanante de porter un masque, encore plus g\u00eanante pour les dames qui pouvaient \u00eatre inqui\u00e8tes pour leur propre grossesse. L\u2019acte exigeait une autorisation, et jusqu\u2019au moment de sa r\u00e9alisation on n\u2019\u00e9tait pas s\u00fbrs qu\u2019il serait autoris\u00e9, ni si il y aurait une autre occasion pour pouvoir en r\u00e9aliser un autre dans les jours suivants dans les zones de l\u2019ouest de la Catalogne.<\/span><\/span><\/p>\n<p class=\"western\" lang=\"fr-FR\" align=\"justify\"><span style=\"font-family: Times New Roman, serif\"><span style=\"font-size: large\">Nous savons qu\u2019il y a des experts en sciences et en m\u00e9decine qui mettent en question la n\u00e9cessit\u00e9 de ces mesures de contr\u00f4le, avec des raisonnements non n\u00e9gligeables. D\u2019autre part, il y a un besoin pressant de faire connaitre de fa\u00e7on publique et en pr\u00e9sence la <i>Th\u00e9rapie des Vies Pass\u00e9es (TVP) <\/i>et la <i>Th\u00e9rapie de la Possession Spirituelle (TPS)<\/i>, compte tenu du possible \u00e9norme nombre d\u2019exemples accumul\u00e9s de souffrance humaine que nous supposons attendent une solution entre toutes les \u00e2mes incarn\u00e9es et d\u00e9sincarn\u00e9es de l\u2019Humanit\u00e9, apparus tout au long de l\u2019histoire, qui rend n\u00e9cessaire sans retard qu\u2019on conna\u00eet ce besoin entre toute la population.<\/span><\/span><\/p>\n<p class=\"western\" lang=\"fr-FR\" align=\"justify\"><span style=\"font-family: Times New Roman, serif\"><span style=\"font-size: large\">Vid\u00e9o originelle\u00a0: Manuel Marsan. Collaboration pour les sous-titres\u00a0: Xavier Climent. \u00c9dition des sous-titres\u00a0: Brauli Tamarit. Organis\u00e9 par\u00a0: Association culturelle de femmes Elaia. Collaboration\u00a0: Mairie de Sol<\/span><\/span><span style=\"font-family: Times New Roman, serif\"><span style=\"font-size: large\">e<\/span><\/span><span style=\"font-family: Times New Roman, serif\"><span style=\"font-size: large\">r\u00e0s. Traduction fran\u00e7aise\u00a0: Loto Perrella.<\/span><\/span><\/p>\n<p class=\"western\" lang=\"fr-FR\" align=\"justify\"><span style=\"font-family: Times New Roman, serif\"><span style=\"font-size: large\">Profil de publication de <i>\u00ab\u00a0Odyssee\u00a0\u00bb\u00a0<\/i>: Animaweb. Conf\u00e9rences en fran\u00e7ais. Date de publication \u00e0 <i>\u00ab\u00a0Odyssee\u00a0\u00bb\u00a0<\/i>: samedi, 1 d&rsquo;octobre 2022. Dur\u00e9e de la vid\u00e9o\u00a0: 3 minutes 33 secondes. Langue\u00a0: voix en espagnol sous-titr\u00e9e en fran\u00e7ais.<\/span><\/span><\/p>\n<p class=\"western\" lang=\"fr-FR\" align=\"justify\"><span style=\"font-family: Times New Roman, serif\"><span style=\"font-size: large\">Source de la vid\u00e9o originelle\u00a0:<\/span><\/span><\/p>\n<p class=\"western\" lang=\"en-GB\" align=\"justify\"><span style=\"color: #0000ff\"><u><a href=\"https:\/\/www.youtube.com\/watch?y=WDqrLCJN9D4\"><span style=\"font-family: Times New Roman, serif\"><span style=\"font-size: large\"><span lang=\"fr-FR\">https:\/\/www.youtube.com\/watch?y=WDqrLCJN9D4<\/span><\/span><\/span><\/a><\/u><\/span><span style=\"font-family: Times New Roman, serif\"><span style=\"font-size: large\"><span lang=\"fr-FR\">. <\/span><\/span><\/span><\/p>\n<p class=\"western\" lang=\"fr-FR\" align=\"justify\"><span style=\"font-family: Times New Roman, serif\"><span style=\"font-size: large\"><b>Traduction\u00a0: Loto Perrella.<\/b><\/span><\/span><\/p>","protected":false},"excerpt":{"rendered":"<p>\u00ab\u00a0Le cr\u00e9dit cosmique\u00a0\u00bb par le Docteur Jos\u00e9 Luis Cabouli. Conf\u00e9rence en espagnol sous-titr\u00e9e en fran\u00e7ais. https:\/\/odysee.com\/@animaweb:b\/Doctor_Jose_Luis_Cabouli_El_credito_cosmico_castellano_sous-titre_francais:d Passage de la conf\u00e9rence intitul\u00e9e \u00ab\u00a0La vie avant la naissance\u00a0\u00bb du Docteur Jos\u00e9 Luis &hellip; <a href=\"https:\/\/animaweb.blog.pangea.org\/fr\/el-credit-cosmic-pel-doctor-jose-luis-cabouli-conferencia-en-castella-subtitulada-en-catala\/\" class=\"more-link\">Continuer la lecture<span class=\"screen-reader-text\"> de &laquo;&nbsp;\u00ab\u00a0Le cr\u00e9dit cosmique\u00a0\u00bb par le Docteur Jos\u00e9 Luis Cabouli. Conf\u00e9rence en espagnol sous-titr\u00e9e en fran\u00e7ais.&nbsp;&raquo;<\/span><\/a><\/p>\n","protected":false},"author":12345698,"featured_media":0,"parent":0,"menu_order":0,"comment_status":"closed","ping_status":"closed","template":"","meta":{"ngg_post_thumbnail":0,"footnotes":""},"class_list":["post-1978","page","type-page","status-publish","hentry"],"_links":{"self":[{"href":"https:\/\/animaweb.blog.pangea.org\/fr\/wp-json\/wp\/v2\/pages\/1978","targetHints":{"allow":["GET"]}}],"collection":[{"href":"https:\/\/animaweb.blog.pangea.org\/fr\/wp-json\/wp\/v2\/pages"}],"about":[{"href":"https:\/\/animaweb.blog.pangea.org\/fr\/wp-json\/wp\/v2\/types\/page"}],"author":[{"embeddable":true,"href":"https:\/\/animaweb.blog.pangea.org\/fr\/wp-json\/wp\/v2\/users\/12345698"}],"replies":[{"embeddable":true,"href":"https:\/\/animaweb.blog.pangea.org\/fr\/wp-json\/wp\/v2\/comments?post=1978"}],"version-history":[{"count":33,"href":"https:\/\/animaweb.blog.pangea.org\/fr\/wp-json\/wp\/v2\/pages\/1978\/revisions"}],"predecessor-version":[{"id":2389,"href":"https:\/\/animaweb.blog.pangea.org\/fr\/wp-json\/wp\/v2\/pages\/1978\/revisions\/2389"}],"wp:attachment":[{"href":"https:\/\/animaweb.blog.pangea.org\/fr\/wp-json\/wp\/v2\/media?parent=1978"}],"curies":[{"name":"wp","href":"https:\/\/api.w.org\/{rel}","templated":true}]}}

« Le crédit cosmique » par le Docteur José Luis Cabouli. Conférence en espagnol sous-titrée en français.

<p class="western" lang="fr-FR" align="center"><span style="font-family: Times New Roman, serif"><span style="font-size: x-large"><b>« Le crédit cosmique » par le D</b></span></span><span style="font-family: Times New Roman, serif"><span style="font-size: x-large"><b>octeu</b></span></span><span style="font-family: Times New Roman, serif"><span style="font-size: x-large"><b>r José Luis Cabouli. Conférence en espagnol sous-titrée en français.</b></span></span></p>
<p lang="en-GB" align="center"><a href="https://odysee.com/@animaweb:b/Doctor_Jose_Luis_Cabouli_El_credito_cosmico_castellano_sous-titre_francais:d"><img loading="lazy" decoding="async" class="aligncenter wp-image-2059 size-full" title="« Le crédit cosmique » par le Docteur José Luis Cabouli. Conférence en espagnol sous-titrée en français." src="https://animaweb.cat/files/2022/10/Doctor_Jose_Luis_Cabouli_El_credito_cosmico_castellano_subtitulado_castellano_primer_fotograma_72ppp_800x450px_francais_2.png" alt="« Le crédit cosmique » par le Docteur José Luis Cabouli. Conférence en espagnol sous-titrée en français." width="800" height="450" srcset="https://animaweb.blog.pangea.org/files/2022/10/Doctor_Jose_Luis_Cabouli_El_credito_cosmico_castellano_subtitulado_castellano_primer_fotograma_72ppp_800x450px_francais_2.png 800w, https://animaweb.blog.pangea.org/files/2022/10/Doctor_Jose_Luis_Cabouli_El_credito_cosmico_castellano_subtitulado_castellano_primer_fotograma_72ppp_800x450px_francais_2-300x169.png 300w, https://animaweb.blog.pangea.org/files/2022/10/Doctor_Jose_Luis_Cabouli_El_credito_cosmico_castellano_subtitulado_castellano_primer_fotograma_72ppp_800x450px_francais_2-768x432.png 768w" sizes="auto, (max-width: 800px) 85vw, 800px" /></a><span style="font-family: Times New Roman, serif"><span style="font-size: large"><a href="https://odysee.com/@animaweb:b/Doctor_Jose_Luis_Cabouli_El_credito_cosmico_castellano_sous-titre_francais:d"><span lang="fr-FR">https://odysee.com/@animaweb:b/Doctor_Jose_Luis_Cabouli_El_credito_cosmico_castellano_sous-titre_francais:d</span></a></span></span></p>
<p class="western" lang="fr-FR" align="justify"><span style="font-family: Times New Roman, serif"><span style="font-size: large">Passage de la conférence intitulée <i>« La vie avant la naissance »</i> du Docteur José Luis Cabouli, tenue dans la Salle Polyvalente de Soleràs (Les Garrigues, Catalunya) samedi le 29 août 2020.</span></span></p>
<p class="western" lang="fr-FR" align="justify"><span style="font-family: Times New Roman, serif"><span style="font-size: large">Cette conférence présente le livre au même titre écrit par le Docteur Cabouli, et est basée sur le dialogue avec les patients soumis à la thérapie de régression, où ils éprouvent à nouveau des expériences, soit de vies passées, de périodes entre des vies, pendant leur conception, pendant leur gestation au ventre de leur mère, ou à leur naissance. Le but est de soigner les phobies ou les traumas du passé, ou d’assimiler des leçons de vie en attente d’être apprises.</span></span></p>
<p class="western" lang="fr-FR" align="justify"><span style="font-family: Times New Roman, serif"><span style="font-size: large">Dans ce passage, le Docteur Cabouli présente aux assistants à la séance une notion, celle de <i>« Le crédit cosmique »</i>, qui concerne l’état partagé avec le <i>« karma » </i>ou <i>« dette »</i> mais avec la polarité contraire. Selon la qualité du solde de l’âme individuelle on peut établir un pouvoir d’élection donné de leur part, par exemple, de pouvoir choisir certaines conditions de leur future incarnation.</span></span></p>
<p class="western" lang="fr-FR" align="justify"><span style="font-family: Times New Roman, serif"><span style="font-size: large">Nous nous excusons parce que, à cause des règles établies pour la réalisation de l’acte, il a fallu mettre en place une séparation entre les différentes personnes présentes et la condition gênante de porter un masque, encore plus gênante pour les dames qui pouvaient être inquiètes pour leur propre grossesse. L’acte exigeait une autorisation, et jusqu’au moment de sa réalisation on n’était pas sûrs qu’il serait autorisé, ni si il y aurait une autre occasion pour pouvoir en réaliser un autre dans les jours suivants dans les zones de l’ouest de la Catalogne.</span></span></p>
<p class="western" lang="fr-FR" align="justify"><span style="font-family: Times New Roman, serif"><span style="font-size: large">Nous savons qu’il y a des experts en sciences et en médecine qui mettent en question la nécessité de ces mesures de contrôle, avec des raisonnements non négligeables. D’autre part, il y a un besoin pressant de faire connaitre de façon publique et en présence la <i>Thérapie des Vies Passées (TVP) </i>et la <i>Thérapie de la Possession Spirituelle (TPS)</i>, compte tenu du possible énorme nombre d’exemples accumulés de souffrance humaine que nous supposons attendent une solution entre toutes les âmes incarnées et désincarnées de l’Humanité, apparus tout au long de l’histoire, qui rend nécessaire sans retard qu’on connaît ce besoin entre toute la population.</span></span></p>
<p class="western" lang="fr-FR" align="justify"><span style="font-family: Times New Roman, serif"><span style="font-size: large">Vidéo originelle : Manuel Marsan. Collaboration pour les sous-titres : Xavier Climent. Édition des sous-titres : Brauli Tamarit. Organisé par : Association culturelle de femmes Elaia. Collaboration : Mairie de Sol</span></span><span style="font-family: Times New Roman, serif"><span style="font-size: large">e</span></span><span style="font-family: Times New Roman, serif"><span style="font-size: large">ràs. Traduction française : Loto Perrella.</span></span></p>
<p class="western" lang="fr-FR" align="justify"><span style="font-family: Times New Roman, serif"><span style="font-size: large">Profil de publication de <i>« Odyssee » </i>: Animaweb. Conférences en français. Date de publication à <i>« Odyssee » </i>: samedi, 1 d&rsquo;octobre 2022. Durée de la vidéo : 3 minutes 33 secondes. Langue : voix en espagnol sous-titrée en français.</span></span></p>
<p class="western" lang="fr-FR" align="justify"><span style="font-family: Times New Roman, serif"><span style="font-size: large">Source de la vidéo originelle :</span></span></p>
<p class="western" lang="en-GB" align="justify"><span style="color: #0000ff"><u><a href="https://www.youtube.com/watch?y=WDqrLCJN9D4"><span style="font-family: Times New Roman, serif"><span style="font-size: large"><span lang="fr-FR">https://www.youtube.com/watch?y=WDqrLCJN9D4</span></span></span></a></u></span><span style="font-family: Times New Roman, serif"><span style="font-size: large"><span lang="fr-FR">. </span></span></span></p>
<p class="western" lang="fr-FR" align="justify"><span style="font-family: Times New Roman, serif"><span style="font-size: large"><b>Traduction : Loto Perrella.</b></span></span></p>

<p>« Le crédit cosmique » par le Docteur José Luis Cabouli. Conférence en espagnol sous-titrée en français. https://odysee.com/@animaweb:b/Doctor_Jose_Luis_Cabouli_El_credito_cosmico_castellano_sous-titre_francais:d Passage de la conférence intitulée « La vie avant la naissance » du Docteur José Luis &hellip; <a href="https://animaweb.blog.pangea.org/fr/el-credit-cosmic-pel-doctor-jose-luis-cabouli-conferencia-en-castella-subtitulada-en-catala/" class="more-link">Continuer la lecture<span class="screen-reader-text"> de &laquo;&nbsp;« Le crédit cosmique » par le Docteur José Luis Cabouli. Conférence en espagnol sous-titrée en français.&nbsp;&raquo;</span></a></p>
