{"id":747,"date":"2020-01-23T19:25:24","date_gmt":"2020-01-23T17:25:24","guid":{"rendered":"https:\/\/animaweb.cat\/?page_id=747"},"modified":"2022-12-16T19:58:17","modified_gmt":"2022-12-16T17:58:17","slug":"crida","status":"publish","type":"page","link":"https:\/\/animaweb.blog.pangea.org\/es\/crida\/","title":{"rendered":"Llamamiento"},"content":{"rendered":"<p class=\"western\" lang=\"es-ES\" align=\"center\"><span style=\"font-family: Times New Roman, serif\"><span style=\"font-size: x-large\"><b>Llamamiento del web \u00abEn cuerpo y alma\u00bb.<\/b><\/span><\/span><\/p>\n<p class=\"western\" align=\"justify\"><span style=\"font-family: Times New Roman, serif\"><span style=\"color: #000000\"><span style=\"font-size: large\"><span lang=\"es-ES\">Los practicantes de la <\/span><\/span><\/span><span style=\"color: #000000\"><span style=\"font-size: large\"><span lang=\"es-ES\"><i>Terapia de Vidas Pasadas<\/i><\/span><\/span><\/span><span style=\"color: #000000\"><span style=\"font-size: large\"><span lang=\"es-ES\"> (<\/span><\/span><\/span><span style=\"color: #000000\"><span style=\"font-size: large\"><span lang=\"es-ES\"><i>TVP<\/i><\/span><\/span><\/span><span style=\"color: #000000\"><span style=\"font-size: large\"><span lang=\"es-ES\">) y de la <\/span><\/span><\/span><span style=\"color: #000000\"><span style=\"font-size: large\"><span lang=\"es-ES\"><i>Terapia de la Posesi\u00f3n Espiritual<\/i><\/span><\/span><\/span><span style=\"color: #000000\"><span style=\"font-size: large\"><span lang=\"es-ES\"> (<\/span><\/span><\/span><span style=\"color: #000000\"><span style=\"font-size: large\"><span lang=\"es-ES\"><i>TPE<\/i><\/span><\/span><\/span><span style=\"color: #000000\"><span style=\"font-size: large\"><span lang=\"es-ES\">), cada uno desde diferentes estilos y variantes de tratamiento y mediante la expresi\u00f3n de numerosos casos, nos informan que somos almas que vamos de cuerpo en cuerpo. Del estudio de estos casos deducimos que la reencarnaci\u00f3n o metempsicosis es la v\u00eda natural de aprendizaje y perfeccionamiento de las almas.<\/span><\/span><\/span><\/span><\/p>\n<p class=\"western\" lang=\"es-ES\" align=\"justify\"><span style=\"font-family: Times New Roman, serif\"><span style=\"font-size: large\">Estos terapeutas colaboran en el perfeccionamiento de las almas descubriendo y ayudando a resolver en sus pacientes diferentes formas de sufrimiento humano. Atendiendo el n\u00famero de personas encarnadas actualmente existentes en el Mundo, haciendo adem\u00e1s una estimaci\u00f3n aproximada del n\u00famero de almas desencarnadas y teniendo en cuenta los diferentes hechos traum\u00e1ticos individuales y colectivos, no resueltos, vividos por la totalidad de la Humanidad del planeta Tierra a lo largo de su historia, \u00bfcu\u00e1l es la magnitud de los conflictos traum\u00e1ticos del pasado, de diferentes tipos, pendientes de resolver que afectan este total de almas encarnadas y desencarnadas? Probablemente centenares de miles de millones.<\/span><\/span><\/p>\n<p class=\"western\" lang=\"es-ES\" align=\"justify\"><span style=\"font-family: Times New Roman, serif\"><span style=\"font-size: large\">Para ayudar a impulsar esta tit\u00e1nica labor de resoluci\u00f3n y mejora de la conciencia an\u00edmica o espiritual, que alcanza la Humanidad entera, un sitio web que empieza con un n\u00famero reducido de p\u00e1ginas, que incluya la descripci\u00f3n de algunos casos resueltos, pero que vaya incrementando su contenido a un n\u00famero cada vez mayor de idiomas, puede ser una herramienta muy efectiva para llegar a todos los pueblos del Mundo, usando una de las herramientas del alma colectiva de cada pueblo, que es su respectiva lengua vern\u00e1cula.<\/span><\/span><\/p>\n<p class=\"western\" lang=\"es-ES\" align=\"justify\"><span style=\"font-family: Times New Roman, serif\"><span style=\"font-size: large\">Os animamos a colaborar en este proyecto ayudando de diferentes formas. Traduciendo y corrigiendo lo m\u00e1s correctamente posible sus p\u00e1ginas. Tambi\u00e9n recuperando, y si hace falta corrigiendo de acuerdo con el original, las citas ya traducidas de los autores mencionados en los casos que haya ediciones ya hechas del idioma a traducir. Bienvenidas ser\u00e1n las colaboraciones en la vertiente t\u00e9cnica y est\u00e9tica del proyecto. Qui\u00e9n quiera hacer una aportaci\u00f3n econ\u00f3mica la podr\u00e1 hacer directamente a la persona o personas que han colaborado y que necesitan una remuneraci\u00f3n, pues en este proyecto se trata de ahorrar burocracia administrativa. Todas las personas y colectivos que participen en este proyecto, si as\u00ed lo quieren, podr\u00e1n figurar con su nombre en la p\u00e1gina de agradecimientos y adem\u00e1s en las p\u00e1ginas en las cuales han participado expresamente.<\/span><\/span><\/p>\n<p class=\"western\" lang=\"es-ES\" align=\"justify\"><span style=\"font-family: Times New Roman, serif\"><span style=\"font-size: large\">Nuestra Humanidad avanza r\u00e1pidamente desde ciertas vertientes de la investigaci\u00f3n cient\u00edfica y t\u00e9cnica, pero sufre un gran atraso desde el conocimiento de la realidad espiritual, lo cual comporta tambi\u00e9n un gran atraso \u00e9tico. Esta situaci\u00f3n pone en riesgo la continuidad de la vida en esta gran escuela que es nuestro planeta. Con el presente proyecto, que empieza con una informaci\u00f3n b\u00e1sica y no tiene por qu\u00e9 ser el \u00fanico, queremos ayudar a compensar este desequilibrio y estimular a otros proyectos que quieran llegar m\u00e1s lejos.<\/span><\/span><\/p>\n<p class=\"western\" align=\"right\"><span style=\"font-family: Times New Roman, serif\"><span style=\"color: #000000\"><span style=\"font-size: large\"><span lang=\"es-ES\">Equipo del sitio web <\/span><\/span><\/span><span style=\"color: #000000\"><span style=\"font-size: large\"><span lang=\"es-ES\"><i>En cuerpo y alma.<br \/>\n<\/i><\/span><\/span><\/span><\/span><span style=\"font-family: Times New Roman, serif\"><span style=\"color: #000000\"><span style=\"font-size: large\"><span lang=\"es-ES\">Martes, 21 de Enero de 2020.<\/span><\/span><\/span><\/span><\/p>","protected":false},"excerpt":{"rendered":"<p>Llamamiento del web \u00abEn cuerpo y alma\u00bb. Los practicantes de la Terapia de Vidas Pasadas (TVP) y de la Terapia de la Posesi\u00f3n Espiritual (TPE), cada uno desde diferentes estilos &hellip; <a href=\"https:\/\/animaweb.blog.pangea.org\/es\/crida\/\" class=\"more-link\">Continuar leyendo<span class=\"screen-reader-text\"> \u00abLlamamiento\u00bb<\/span><\/a><\/p>\n","protected":false},"author":12345698,"featured_media":0,"parent":0,"menu_order":0,"comment_status":"closed","ping_status":"closed","template":"","meta":{"ngg_post_thumbnail":0,"footnotes":""},"class_list":["post-747","page","type-page","status-publish","hentry"],"_links":{"self":[{"href":"https:\/\/animaweb.blog.pangea.org\/es\/wp-json\/wp\/v2\/pages\/747","targetHints":{"allow":["GET"]}}],"collection":[{"href":"https:\/\/animaweb.blog.pangea.org\/es\/wp-json\/wp\/v2\/pages"}],"about":[{"href":"https:\/\/animaweb.blog.pangea.org\/es\/wp-json\/wp\/v2\/types\/page"}],"author":[{"embeddable":true,"href":"https:\/\/animaweb.blog.pangea.org\/es\/wp-json\/wp\/v2\/users\/12345698"}],"replies":[{"embeddable":true,"href":"https:\/\/animaweb.blog.pangea.org\/es\/wp-json\/wp\/v2\/comments?post=747"}],"version-history":[{"count":25,"href":"https:\/\/animaweb.blog.pangea.org\/es\/wp-json\/wp\/v2\/pages\/747\/revisions"}],"predecessor-version":[{"id":2238,"href":"https:\/\/animaweb.blog.pangea.org\/es\/wp-json\/wp\/v2\/pages\/747\/revisions\/2238"}],"wp:attachment":[{"href":"https:\/\/animaweb.blog.pangea.org\/es\/wp-json\/wp\/v2\/media?parent=747"}],"curies":[{"name":"wp","href":"https:\/\/api.w.org\/{rel}","templated":true}]}}

<p class="western" lang="es-ES" align="center"><span style="font-family: Times New Roman, serif"><span style="font-size: x-large"><b>Llamamiento del web «En cuerpo y alma».</b></span></span></p>
<p class="western" align="justify"><span style="font-family: Times New Roman, serif"><span style="color: #000000"><span style="font-size: large"><span lang="es-ES">Los practicantes de la </span></span></span><span style="color: #000000"><span style="font-size: large"><span lang="es-ES"><i>Terapia de Vidas Pasadas</i></span></span></span><span style="color: #000000"><span style="font-size: large"><span lang="es-ES"> (</span></span></span><span style="color: #000000"><span style="font-size: large"><span lang="es-ES"><i>TVP</i></span></span></span><span style="color: #000000"><span style="font-size: large"><span lang="es-ES">) y de la </span></span></span><span style="color: #000000"><span style="font-size: large"><span lang="es-ES"><i>Terapia de la Posesión Espiritual</i></span></span></span><span style="color: #000000"><span style="font-size: large"><span lang="es-ES"> (</span></span></span><span style="color: #000000"><span style="font-size: large"><span lang="es-ES"><i>TPE</i></span></span></span><span style="color: #000000"><span style="font-size: large"><span lang="es-ES">), cada uno desde diferentes estilos y variantes de tratamiento y mediante la expresión de numerosos casos, nos informan que somos almas que vamos de cuerpo en cuerpo. Del estudio de estos casos deducimos que la reencarnación o metempsicosis es la vía natural de aprendizaje y perfeccionamiento de las almas.</span></span></span></span></p>
<p class="western" lang="es-ES" align="justify"><span style="font-family: Times New Roman, serif"><span style="font-size: large">Estos terapeutas colaboran en el perfeccionamiento de las almas descubriendo y ayudando a resolver en sus pacientes diferentes formas de sufrimiento humano. Atendiendo el número de personas encarnadas actualmente existentes en el Mundo, haciendo además una estimación aproximada del número de almas desencarnadas y teniendo en cuenta los diferentes hechos traumáticos individuales y colectivos, no resueltos, vividos por la totalidad de la Humanidad del planeta Tierra a lo largo de su historia, ¿cuál es la magnitud de los conflictos traumáticos del pasado, de diferentes tipos, pendientes de resolver que afectan este total de almas encarnadas y desencarnadas? Probablemente centenares de miles de millones.</span></span></p>
<p class="western" lang="es-ES" align="justify"><span style="font-family: Times New Roman, serif"><span style="font-size: large">Para ayudar a impulsar esta titánica labor de resolución y mejora de la conciencia anímica o espiritual, que alcanza la Humanidad entera, un sitio web que empieza con un número reducido de páginas, que incluya la descripción de algunos casos resueltos, pero que vaya incrementando su contenido a un número cada vez mayor de idiomas, puede ser una herramienta muy efectiva para llegar a todos los pueblos del Mundo, usando una de las herramientas del alma colectiva de cada pueblo, que es su respectiva lengua vernácula.</span></span></p>
<p class="western" lang="es-ES" align="justify"><span style="font-family: Times New Roman, serif"><span style="font-size: large">Os animamos a colaborar en este proyecto ayudando de diferentes formas. Traduciendo y corrigiendo lo más correctamente posible sus páginas. También recuperando, y si hace falta corrigiendo de acuerdo con el original, las citas ya traducidas de los autores mencionados en los casos que haya ediciones ya hechas del idioma a traducir. Bienvenidas serán las colaboraciones en la vertiente técnica y estética del proyecto. Quién quiera hacer una aportación económica la podrá hacer directamente a la persona o personas que han colaborado y que necesitan una remuneración, pues en este proyecto se trata de ahorrar burocracia administrativa. Todas las personas y colectivos que participen en este proyecto, si así lo quieren, podrán figurar con su nombre en la página de agradecimientos y además en las páginas en las cuales han participado expresamente.</span></span></p>
<p class="western" lang="es-ES" align="justify"><span style="font-family: Times New Roman, serif"><span style="font-size: large">Nuestra Humanidad avanza rápidamente desde ciertas vertientes de la investigación científica y técnica, pero sufre un gran atraso desde el conocimiento de la realidad espiritual, lo cual comporta también un gran atraso ético. Esta situación pone en riesgo la continuidad de la vida en esta gran escuela que es nuestro planeta. Con el presente proyecto, que empieza con una información básica y no tiene por qué ser el único, queremos ayudar a compensar este desequilibrio y estimular a otros proyectos que quieran llegar más lejos.</span></span></p>
<p class="western" align="right"><span style="font-family: Times New Roman, serif"><span style="color: #000000"><span style="font-size: large"><span lang="es-ES">Equipo del sitio web </span></span></span><span style="color: #000000"><span style="font-size: large"><span lang="es-ES"><i>En cuerpo y alma.<br />
</i></span></span></span></span><span style="font-family: Times New Roman, serif"><span style="color: #000000"><span style="font-size: large"><span lang="es-ES">Martes, 21 de Enero de 2020.</span></span></span></span></p>

<p>Llamamiento del web «En cuerpo y alma». Los practicantes de la Terapia de Vidas Pasadas (TVP) y de la Terapia de la Posesión Espiritual (TPE), cada uno desde diferentes estilos &hellip; <a href="https://animaweb.blog.pangea.org/es/crida/" class="more-link">Continuar leyendo<span class="screen-reader-text"> «Llamamiento»</span></a></p>
