{"id":624,"date":"2019-12-28T20:24:10","date_gmt":"2019-12-28T18:24:10","guid":{"rendered":"https:\/\/animaweb.cat\/?page_id=624"},"modified":"2022-12-30T21:42:17","modified_gmt":"2022-12-30T19:42:17","slug":"cas-davortament-terapia-de-possessio-espiritual","status":"publish","type":"page","link":"https:\/\/animaweb.blog.pangea.org\/es\/cas-davortament-terapia-de-possessio-espiritual\/","title":{"rendered":"Caso de aborto. Terapia de posesi\u00f3n espiritual."},"content":{"rendered":"<p class=\"western\" lang=\"es-ES\" align=\"center\"><span style=\"font-family: Times New Roman, serif\"><span style=\"font-size: x-large\"><b>Caso de aborto. Terapia de posesi\u00f3n espiritual.<\/b><\/span><\/span><\/p>\n<p class=\"western\" lang=\"es-ES\" align=\"center\"><span style=\"font-family: Times New Roman, serif\"><span style=\"font-size: large\"><b><img loading=\"lazy\" decoding=\"async\" class=\"aligncenter wp-image-625 size-full\" title=\"Caso de aborto. Terapia de posesi\u00f3n espiritual. Figura 5.\" src=\"https:\/\/animaweb.cat\/files\/2019\/12\/Jose_Luis_Cabouli_Terapia_de_Posesion_Espiritual_Figura_5_Aborto_Foto_Raul_Torres_72ppp_600x907px.png\" alt=\"Caso de aborto. Terapia de posesi\u00f3n espiritual. Figura 5.\" width=\"600\" height=\"907\" srcset=\"https:\/\/animaweb.blog.pangea.org\/files\/2019\/12\/Jose_Luis_Cabouli_Terapia_de_Posesion_Espiritual_Figura_5_Aborto_Foto_Raul_Torres_72ppp_600x907px.png 600w, https:\/\/animaweb.blog.pangea.org\/files\/2019\/12\/Jose_Luis_Cabouli_Terapia_de_Posesion_Espiritual_Figura_5_Aborto_Foto_Raul_Torres_72ppp_600x907px-198x300.png 198w\" sizes=\"auto, (max-width: 600px) 85vw, 600px\" \/>Figura 5.<\/b><\/span><\/span><\/p>\n<p class=\"western\" align=\"justify\"><span style=\"font-family: Times New Roman, serif\"><span style=\"font-size: large\"><span lang=\"es-ES\">La BEG (B<\/span><\/span><\/span><span style=\"font-family: Times New Roman, serif\"><span style=\"font-size: large\">ioelectrograf\u00eda<\/span><\/span><span style=\"font-family: Times New Roman, serif\"><span style=\"font-size: large\"><span lang=\"es-ES\">) corresponde a una mujer de treinta y cinco a\u00f1os que perdi\u00f3 un embarazo de tres meses como consecuencia de un accidente. La mujer refer\u00eda miedo y culpa porque el accidente se debi\u00f3 a una imprudencia de su parte. La BEG fue obtenida durante la sesi\u00f3n de regresi\u00f3n justo en el momento en que la paciente expres\u00f3 lo siguiente:<\/span><\/span><\/span><\/p>\n<p class=\"western\" lang=\"es-ES\" align=\"justify\"><span style=\"font-family: Times New Roman, serif\"><span style=\"font-size: large\">\u00abEn este momento siento que el beb\u00e9 est\u00e1 dentro de mi cabeza\u00bb.<\/span><\/span><\/p>\n<p class=\"western\" lang=\"es-ES\" align=\"justify\"><span style=\"font-family: Times New Roman, serif\"><span style=\"font-size: large\">En la parte superior de la BEG se observa una imagen roja amarillenta con forma fetal evidente. Obs\u00e9rvese que la imagen fetal contiene la energ\u00eda yoica que est\u00e1 completamente ausente en la paciente. Puede verse tambi\u00e9n n\u00edtidamente el cord\u00f3n energ\u00e9tico que une la imagen fetal a la energ\u00eda vital de la paciente, no obstante lo cual dicha energ\u00eda est\u00e1 conservada.<\/span><\/span><\/p>\n<p class=\"western\" align=\"justify\"><strong><span style=\"font-family: Times New Roman, serif\"><span style=\"font-size: large\"><span lang=\"es-ES\">Imagen de la BEG: Ra\u00fal Torres. Del libro del Doctor Jos\u00e9 Lu\u00eds Cabouli. <\/span><\/span><\/span><span style=\"font-family: Times New Roman, serif\"><span style=\"font-size: large\"><span lang=\"es-ES\"><i>Terapia de la posesi\u00f3n espiritual. T\u00e9cnica y pr\u00e1ctica cl\u00ednica<\/i><\/span><\/span><\/span><span style=\"font-family: Times New Roman, serif\"><span style=\"font-size: large\"><span lang=\"es-ES\">. Ediciones Continente. P\u00e1gina 341.<\/span><\/span><\/span><\/strong><\/p>","protected":false},"excerpt":{"rendered":"<p>Caso de aborto. Terapia de posesi\u00f3n espiritual. Figura 5. La BEG (Bioelectrograf\u00eda) corresponde a una mujer de treinta y cinco a\u00f1os que perdi\u00f3 un embarazo de tres meses como consecuencia &hellip; <a href=\"https:\/\/animaweb.blog.pangea.org\/es\/cas-davortament-terapia-de-possessio-espiritual\/\" class=\"more-link\">Continuar leyendo<span class=\"screen-reader-text\"> \u00abCaso de aborto. Terapia de posesi\u00f3n espiritual.\u00bb<\/span><\/a><\/p>\n","protected":false},"author":12345698,"featured_media":0,"parent":0,"menu_order":0,"comment_status":"closed","ping_status":"closed","template":"","meta":{"ngg_post_thumbnail":0,"footnotes":""},"class_list":["post-624","page","type-page","status-publish","hentry"],"_links":{"self":[{"href":"https:\/\/animaweb.blog.pangea.org\/es\/wp-json\/wp\/v2\/pages\/624","targetHints":{"allow":["GET"]}}],"collection":[{"href":"https:\/\/animaweb.blog.pangea.org\/es\/wp-json\/wp\/v2\/pages"}],"about":[{"href":"https:\/\/animaweb.blog.pangea.org\/es\/wp-json\/wp\/v2\/types\/page"}],"author":[{"embeddable":true,"href":"https:\/\/animaweb.blog.pangea.org\/es\/wp-json\/wp\/v2\/users\/12345698"}],"replies":[{"embeddable":true,"href":"https:\/\/animaweb.blog.pangea.org\/es\/wp-json\/wp\/v2\/comments?post=624"}],"version-history":[{"count":13,"href":"https:\/\/animaweb.blog.pangea.org\/es\/wp-json\/wp\/v2\/pages\/624\/revisions"}],"predecessor-version":[{"id":2301,"href":"https:\/\/animaweb.blog.pangea.org\/es\/wp-json\/wp\/v2\/pages\/624\/revisions\/2301"}],"wp:attachment":[{"href":"https:\/\/animaweb.blog.pangea.org\/es\/wp-json\/wp\/v2\/media?parent=624"}],"curies":[{"name":"wp","href":"https:\/\/api.w.org\/{rel}","templated":true}]}}

Caso de aborto. Terapia de posesión espiritual.

<p class="western" lang="es-ES" align="center"><span style="font-family: Times New Roman, serif"><span style="font-size: x-large"><b>Caso de aborto. Terapia de posesión espiritual.</b></span></span></p>
<p class="western" lang="es-ES" align="center"><span style="font-family: Times New Roman, serif"><span style="font-size: large"><b><img loading="lazy" decoding="async" class="aligncenter wp-image-625 size-full" title="Caso de aborto. Terapia de posesión espiritual. Figura 5." src="https://animaweb.cat/files/2019/12/Jose_Luis_Cabouli_Terapia_de_Posesion_Espiritual_Figura_5_Aborto_Foto_Raul_Torres_72ppp_600x907px.png" alt="Caso de aborto. Terapia de posesión espiritual. Figura 5." width="600" height="907" srcset="https://animaweb.blog.pangea.org/files/2019/12/Jose_Luis_Cabouli_Terapia_de_Posesion_Espiritual_Figura_5_Aborto_Foto_Raul_Torres_72ppp_600x907px.png 600w, https://animaweb.blog.pangea.org/files/2019/12/Jose_Luis_Cabouli_Terapia_de_Posesion_Espiritual_Figura_5_Aborto_Foto_Raul_Torres_72ppp_600x907px-198x300.png 198w" sizes="auto, (max-width: 600px) 85vw, 600px" />Figura 5.</b></span></span></p>
<p class="western" align="justify"><span style="font-family: Times New Roman, serif"><span style="font-size: large"><span lang="es-ES">La BEG (B</span></span></span><span style="font-family: Times New Roman, serif"><span style="font-size: large">ioelectrografía</span></span><span style="font-family: Times New Roman, serif"><span style="font-size: large"><span lang="es-ES">) corresponde a una mujer de treinta y cinco años que perdió un embarazo de tres meses como consecuencia de un accidente. La mujer refería miedo y culpa porque el accidente se debió a una imprudencia de su parte. La BEG fue obtenida durante la sesión de regresión justo en el momento en que la paciente expresó lo siguiente:</span></span></span></p>
<p class="western" lang="es-ES" align="justify"><span style="font-family: Times New Roman, serif"><span style="font-size: large">«En este momento siento que el bebé está dentro de mi cabeza».</span></span></p>
<p class="western" lang="es-ES" align="justify"><span style="font-family: Times New Roman, serif"><span style="font-size: large">En la parte superior de la BEG se observa una imagen roja amarillenta con forma fetal evidente. Obsérvese que la imagen fetal contiene la energía yoica que está completamente ausente en la paciente. Puede verse también nítidamente el cordón energético que une la imagen fetal a la energía vital de la paciente, no obstante lo cual dicha energía está conservada.</span></span></p>
<p class="western" align="justify"><strong><span style="font-family: Times New Roman, serif"><span style="font-size: large"><span lang="es-ES">Imagen de la BEG: Raúl Torres. Del libro del Doctor José Luís Cabouli. </span></span></span><span style="font-family: Times New Roman, serif"><span style="font-size: large"><span lang="es-ES"><i>Terapia de la posesión espiritual. Técnica y práctica clínica</i></span></span></span><span style="font-family: Times New Roman, serif"><span style="font-size: large"><span lang="es-ES">. Ediciones Continente. Página 341.</span></span></span></strong></p>

<p>Caso de aborto. Terapia de posesión espiritual. Figura 5. La BEG (Bioelectrografía) corresponde a una mujer de treinta y cinco años que perdió un embarazo de tres meses como consecuencia &hellip; <a href="https://animaweb.blog.pangea.org/es/cas-davortament-terapia-de-possessio-espiritual/" class="more-link">Continuar leyendo<span class="screen-reader-text"> «Caso de aborto. Terapia de posesión espiritual.»</span></a></p>
