{"id":171,"date":"2018-02-04T21:04:23","date_gmt":"2018-02-04T19:04:23","guid":{"rendered":"https:\/\/animaweb.cat\/?page_id=171"},"modified":"2023-02-15T20:08:51","modified_gmt":"2023-02-15T18:08:51","slug":"jose-luis-cabouli-hi-ha-casos-de-gent-amb-lanima-de-germans-morts","status":"publish","type":"page","link":"https:\/\/animaweb.blog.pangea.org\/es\/jose-luis-cabouli-hi-ha-casos-de-gent-amb-lanima-de-germans-morts\/","title":{"rendered":"Jos\u00e9 Luis Cabouli: \u00abHay casos de gente con el alma de hermanos muertos\u00bb."},"content":{"rendered":"<p lang=\"es-ES\" align=\"center\"><span style=\"font-family: Times New Roman, serif\"><span style=\"font-size: x-large\"><b>Jos\u00e9 Luis Cabouli: \u00abHay casos de gente con el alma de hermanos muertos\u00bb.<\/b><\/span><\/span><\/p>\n<p lang=\"es-ES\" align=\"justify\"><span style=\"font-family: Times New Roman, serif\"><span style=\"font-size: large\"><b><img loading=\"lazy\" decoding=\"async\" class=\"alignright wp-image-779 size-full\" title=\"La Verdad. Logo.\" src=\"https:\/\/animaweb.cat\/files\/2020\/01\/La_Verdad_Logotip_72ppp_200x26px.png\" alt=\"La Verdad. Logo.\" width=\"200\" height=\"26\" \/>La Verdad. Viernes, 25 de mayo de 2012.<\/b><\/span><\/span><\/p>\n<p lang=\"es-ES\" align=\"justify\"><span style=\"font-family: Times New Roman, serif\"><span style=\"font-size: large\"><b>\u00abHay casos de gente con el alma de hermanos muertos\u00bb.<\/b><\/span><\/span><\/p>\n<p lang=\"es-ES\" align=\"justify\"><span style=\"font-family: Times New Roman, serif\"><span style=\"font-size: large\">Jos\u00e9 Luis Cabouli. Especialista en terapia regresiva.<\/span><\/span><\/p>\n<p lang=\"es-ES\" align=\"justify\"><span style=\"font-family: Times New Roman, serif\"><span style=\"font-size: large\">El experto utiliza una t\u00e9cnica de regresi\u00f3n a vidas pasadas para resolver conflictos y problemas psicol\u00f3gicos de sus pacientes.<\/span><\/span><\/p>\n<figure id=\"attachment_179\" aria-describedby=\"caption-attachment-179\" style=\"width: 400px\" class=\"wp-caption aligncenter\"><img loading=\"lazy\" decoding=\"async\" class=\"size-full wp-image-179\" src=\"https:\/\/animaweb.cat\/files\/2018\/02\/Jose_Luis_Cabouli_-_La_Verdad_400x428px.png\" alt=\"El especialista argentino Jos\u00e9 Luis Cabouli. A.C.\" width=\"400\" height=\"428\" srcset=\"https:\/\/animaweb.blog.pangea.org\/files\/2018\/02\/Jose_Luis_Cabouli_-_La_Verdad_400x428px.png 400w, https:\/\/animaweb.blog.pangea.org\/files\/2018\/02\/Jose_Luis_Cabouli_-_La_Verdad_400x428px-280x300.png 280w\" sizes=\"auto, (max-width: 400px) 85vw, 400px\" \/><figcaption id=\"caption-attachment-179\" class=\"wp-caption-text\">El especialista argentino Jos\u00e9 Luis Cabouli. A.C.<\/figcaption><\/figure>\n<p lang=\"es-ES\" align=\"center\"><span style=\"font-family: Times New Roman, serif\"><span style=\"font-size: large\"><b>El especialista argentino Jos\u00e9 Luis Cabouli. A.C.<\/b><\/span><\/span><\/p>\n<p lang=\"es-ES\" align=\"justify\"><span style=\"font-family: Times New Roman, serif\"><span style=\"font-size: large\"><b>M.T.B. Elche.<\/b> La terapia que practica nada tiene que ver con magia, hipnotismo o sesiones esot\u00e9ricas. El doctor Jos\u00e9 Luis Cabouli (Buenos Aires, Argentina, 1950), un referente mundial en terapia regresiva, defiende que revivir experiencias traum\u00e1ticas de vidas pasadas resuelve conflictos y problemas psicol\u00f3gicos, como fobias y miedos. Los casos m\u00e1s impactantes que ha tratado en 25 a\u00f1os de ejercicio son de pacientes que descubren que en ellos se ha reencarnado el alma de un hermano fallecido. Este licenciado en Medicina, que fue cirujano pl\u00e1stico, ofrece este fin de semana una charla y un seminario en el centro de terapias naturales Esp\u00edgol.<\/span><\/span><\/p>\n<p lang=\"es-ES\" align=\"justify\"><span style=\"font-family: Times New Roman, serif\">\u2013<span style=\"font-size: large\"><b>\u00bfHay que creer para que la terapia regresiva sea eficaz?\u2013<\/b><\/span><\/span><\/p>\n<p lang=\"es-ES\" align=\"justify\"><span style=\"font-family: Times New Roman, serif\">\u2013<span style=\"font-size: large\">No, nada tiene que ver con creencias, es para todo el mundo.\u2013<\/span><\/span><\/p>\n<p lang=\"es-ES\" align=\"justify\"><span style=\"font-family: Times New Roman, serif\">\u2013<span style=\"font-size: large\"><b>\u00bfCu\u00e1l es su objetivo?\u2013<\/b><\/span><\/span><\/p>\n<p lang=\"es-ES\" align=\"justify\"><span style=\"font-family: Times New Roman, serif\">\u2013<span style=\"font-size: large\">Se trata de la sanaci\u00f3n de las heridas del alma y de los traumas. Se utiliza para tratar problemas psicol\u00f3gicos, como depresiones, fobias, miedos&#8230; incluso dolores para los cu\u00e1les no hay causa m\u00e9dica como ciertas cefaleas o neuralgias.\u2013<\/span><\/span><\/p>\n<p lang=\"es-ES\" align=\"justify\"><span style=\"font-family: Times New Roman, serif\">\u2013<span style=\"font-size: large\"><b>\u00bfDefiende que la causa est\u00e1 en otras vidas que hemos vivido?\u2013<\/b><\/span><\/span><\/p>\n<p lang=\"es-ES\" align=\"justify\"><span style=\"font-family: Times New Roman, serif\">\u2013<span style=\"font-size: large\">En vidas pasadas e incluso en la primera infancia, en el momento de nuestro nacimiento o durante la vida fetal. Las experiencias est\u00e1n en el subconsciente y hay que buscar el motivo traum\u00e1tico original, porque siempre hay alguno, y revivirlo para poder superarlo.\u2013<\/span><\/span><\/p>\n<p lang=\"es-ES\" align=\"justify\"><span style=\"font-family: Times New Roman, serif\">\u2013<span style=\"font-size: large\"><b>\u00bfY c\u00f3mo es posible?\u2013<\/b><\/span><\/span><\/p>\n<p lang=\"es-ES\" align=\"justify\"><span style=\"font-family: Times New Roman, serif\">\u2013<span style=\"font-size: large\">Cuando trabajas con las emociones comienzan a emerger experiencias que no pertenecen al \u00e1mbito de la vida cotidiana y surgen de forma natural. A trav\u00e9s de las emociones el paciente entra en un estado expandido de conciencia. La clave es que para el alma el tiempo no existe. Por ejemplo, una persona que tenga miedo al mar o a embarcarse puede que viviera el hundimiento del Titanic en una vida pasada. El cuerpo muri\u00f3 pero el alma continua atrapada en ese momento, en una experiencia que no tiene fin y que se ha instalado en la vida presente.\u2013<\/span><\/span><\/p>\n<p lang=\"es-ES\" align=\"justify\"><span style=\"font-family: Times New Roman, serif\">\u2013<span style=\"font-size: large\"><b>\u00bfC\u00f3mo ayuda a sus pacientes a revivirlas sin recurrir a la hipnosis?\u2013<\/b><\/span><\/span><\/p>\n<p lang=\"es-ES\" align=\"justify\"><span style=\"font-family: Times New Roman, serif\">\u2013<span style=\"font-size: large\">Tiene que focalizar esa sensaci\u00f3n y sentirla profundamente hasta que pueda asemejar esa sensaci\u00f3n a lo que la provoc\u00f3. Lo que te sana es la revivencia en el cuerpo y eso es la parte dura, por ejemplo, si sus problemas respiratorios o ahogos est\u00e1n relacionados con que muri\u00f3 en la horca, tiene que llegar a sentir la soga al cuello. As\u00ed el alma puede desprenderse de ese trauma y terminar con \u00e9l.\u2013<\/span><\/span><\/p>\n<p lang=\"es-ES\" align=\"justify\"><span style=\"font-family: Times New Roman, serif\">\u2013<span style=\"font-size: large\"><b>\u00bfY en el caso del nacimiento o la vida fetal?\u2013<\/b><\/span><\/span><\/p>\n<p lang=\"es-ES\" align=\"justify\"><span style=\"font-family: Times New Roman, serif\">\u2013<span style=\"font-size: large\">Si el momento de nuestro nacimiento fue traum\u00e1tico pod\u00eda haber despertado esa experiencia de otra vida pasada. Tambi\u00e9n en el seno materno, todo lo que le pasa a la madre, el feto lo vive como propio. A veces las depresiones y el miedo pueden venir del vientre materno.\u2013<\/span><\/span><\/p>\n<p lang=\"es-ES\" align=\"justify\"><span style=\"font-family: Times New Roman, serif\">\u2013<span style=\"font-size: large\"><b>D\u00edgame el caso m\u00e1s impactante que haya atendido en su consulta.\u2013<\/b><\/span><\/span><\/p>\n<p lang=\"es-ES\" align=\"justify\"><span style=\"font-family: Times New Roman, serif\">\u2013<span style=\"font-size: large\">Algunos de los m\u00e1s impactantes suceden cuando un adulto descubre, al trabajar con la regresi\u00f3n, que fue el hermano mayor que muri\u00f3 antes de que naciera. En familias con hijos fallecidos hay muchas probabilidades de que su alma se reencarne en otro hermano.\u2013<\/span><\/span><\/p>","protected":false},"excerpt":{"rendered":"<p>Jos\u00e9 Luis Cabouli: \u00abHay casos de gente con el alma de hermanos muertos\u00bb. La Verdad. Viernes, 25 de mayo de 2012. \u00abHay casos de gente con el alma de hermanos &hellip; <a href=\"https:\/\/animaweb.blog.pangea.org\/es\/jose-luis-cabouli-hi-ha-casos-de-gent-amb-lanima-de-germans-morts\/\" class=\"more-link\">Continuar leyendo<span class=\"screen-reader-text\"> \u00abJos\u00e9 Luis Cabouli: \u00abHay casos de gente con el alma de hermanos muertos\u00bb.\u00bb<\/span><\/a><\/p>\n","protected":false},"author":12345698,"featured_media":0,"parent":0,"menu_order":0,"comment_status":"closed","ping_status":"closed","template":"","meta":{"ngg_post_thumbnail":0,"footnotes":""},"class_list":["post-171","page","type-page","status-publish","hentry"],"_links":{"self":[{"href":"https:\/\/animaweb.blog.pangea.org\/es\/wp-json\/wp\/v2\/pages\/171","targetHints":{"allow":["GET"]}}],"collection":[{"href":"https:\/\/animaweb.blog.pangea.org\/es\/wp-json\/wp\/v2\/pages"}],"about":[{"href":"https:\/\/animaweb.blog.pangea.org\/es\/wp-json\/wp\/v2\/types\/page"}],"author":[{"embeddable":true,"href":"https:\/\/animaweb.blog.pangea.org\/es\/wp-json\/wp\/v2\/users\/12345698"}],"replies":[{"embeddable":true,"href":"https:\/\/animaweb.blog.pangea.org\/es\/wp-json\/wp\/v2\/comments?post=171"}],"version-history":[{"count":21,"href":"https:\/\/animaweb.blog.pangea.org\/es\/wp-json\/wp\/v2\/pages\/171\/revisions"}],"predecessor-version":[{"id":2399,"href":"https:\/\/animaweb.blog.pangea.org\/es\/wp-json\/wp\/v2\/pages\/171\/revisions\/2399"}],"wp:attachment":[{"href":"https:\/\/animaweb.blog.pangea.org\/es\/wp-json\/wp\/v2\/media?parent=171"}],"curies":[{"name":"wp","href":"https:\/\/api.w.org\/{rel}","templated":true}]}}

José Luis Cabouli: «Hay casos de gente con el alma de hermanos muertos».

<p lang="es-ES" align="center"><span style="font-family: Times New Roman, serif"><span style="font-size: x-large"><b>José Luis Cabouli: «Hay casos de gente con el alma de hermanos muertos».</b></span></span></p>
<p lang="es-ES" align="justify"><span style="font-family: Times New Roman, serif"><span style="font-size: large"><b><img loading="lazy" decoding="async" class="alignright wp-image-779 size-full" title="La Verdad. Logo." src="https://animaweb.cat/files/2020/01/La_Verdad_Logotip_72ppp_200x26px.png" alt="La Verdad. Logo." width="200" height="26" />La Verdad. Viernes, 25 de mayo de 2012.</b></span></span></p>
<p lang="es-ES" align="justify"><span style="font-family: Times New Roman, serif"><span style="font-size: large"><b>«Hay casos de gente con el alma de hermanos muertos».</b></span></span></p>
<p lang="es-ES" align="justify"><span style="font-family: Times New Roman, serif"><span style="font-size: large">José Luis Cabouli. Especialista en terapia regresiva.</span></span></p>
<p lang="es-ES" align="justify"><span style="font-family: Times New Roman, serif"><span style="font-size: large">El experto utiliza una técnica de regresión a vidas pasadas para resolver conflictos y problemas psicológicos de sus pacientes.</span></span></p>
<figure id="attachment_179" aria-describedby="caption-attachment-179" style="width: 400px" class="wp-caption aligncenter"><img loading="lazy" decoding="async" class="size-full wp-image-179" src="https://animaweb.cat/files/2018/02/Jose_Luis_Cabouli_-_La_Verdad_400x428px.png" alt="El especialista argentino José Luis Cabouli. A.C." width="400" height="428" srcset="https://animaweb.blog.pangea.org/files/2018/02/Jose_Luis_Cabouli_-_La_Verdad_400x428px.png 400w, https://animaweb.blog.pangea.org/files/2018/02/Jose_Luis_Cabouli_-_La_Verdad_400x428px-280x300.png 280w" sizes="auto, (max-width: 400px) 85vw, 400px" /><figcaption id="caption-attachment-179" class="wp-caption-text">El especialista argentino José Luis Cabouli. A.C.</figcaption></figure>
<p lang="es-ES" align="center"><span style="font-family: Times New Roman, serif"><span style="font-size: large"><b>El especialista argentino José Luis Cabouli. A.C.</b></span></span></p>
<p lang="es-ES" align="justify"><span style="font-family: Times New Roman, serif"><span style="font-size: large"><b>M.T.B. Elche.</b> La terapia que practica nada tiene que ver con magia, hipnotismo o sesiones esotéricas. El doctor José Luis Cabouli (Buenos Aires, Argentina, 1950), un referente mundial en terapia regresiva, defiende que revivir experiencias traumáticas de vidas pasadas resuelve conflictos y problemas psicológicos, como fobias y miedos. Los casos más impactantes que ha tratado en 25 años de ejercicio son de pacientes que descubren que en ellos se ha reencarnado el alma de un hermano fallecido. Este licenciado en Medicina, que fue cirujano plástico, ofrece este fin de semana una charla y un seminario en el centro de terapias naturales Espígol.</span></span></p>
<p lang="es-ES" align="justify"><span style="font-family: Times New Roman, serif">–<span style="font-size: large"><b>¿Hay que creer para que la terapia regresiva sea eficaz?–</b></span></span></p>
<p lang="es-ES" align="justify"><span style="font-family: Times New Roman, serif">–<span style="font-size: large">No, nada tiene que ver con creencias, es para todo el mundo.–</span></span></p>
<p lang="es-ES" align="justify"><span style="font-family: Times New Roman, serif">–<span style="font-size: large"><b>¿Cuál es su objetivo?–</b></span></span></p>
<p lang="es-ES" align="justify"><span style="font-family: Times New Roman, serif">–<span style="font-size: large">Se trata de la sanación de las heridas del alma y de los traumas. Se utiliza para tratar problemas psicológicos, como depresiones, fobias, miedos&#8230; incluso dolores para los cuáles no hay causa médica como ciertas cefaleas o neuralgias.–</span></span></p>
<p lang="es-ES" align="justify"><span style="font-family: Times New Roman, serif">–<span style="font-size: large"><b>¿Defiende que la causa está en otras vidas que hemos vivido?–</b></span></span></p>
<p lang="es-ES" align="justify"><span style="font-family: Times New Roman, serif">–<span style="font-size: large">En vidas pasadas e incluso en la primera infancia, en el momento de nuestro nacimiento o durante la vida fetal. Las experiencias están en el subconsciente y hay que buscar el motivo traumático original, porque siempre hay alguno, y revivirlo para poder superarlo.–</span></span></p>
<p lang="es-ES" align="justify"><span style="font-family: Times New Roman, serif">–<span style="font-size: large"><b>¿Y cómo es posible?–</b></span></span></p>
<p lang="es-ES" align="justify"><span style="font-family: Times New Roman, serif">–<span style="font-size: large">Cuando trabajas con las emociones comienzan a emerger experiencias que no pertenecen al ámbito de la vida cotidiana y surgen de forma natural. A través de las emociones el paciente entra en un estado expandido de conciencia. La clave es que para el alma el tiempo no existe. Por ejemplo, una persona que tenga miedo al mar o a embarcarse puede que viviera el hundimiento del Titanic en una vida pasada. El cuerpo murió pero el alma continua atrapada en ese momento, en una experiencia que no tiene fin y que se ha instalado en la vida presente.–</span></span></p>
<p lang="es-ES" align="justify"><span style="font-family: Times New Roman, serif">–<span style="font-size: large"><b>¿Cómo ayuda a sus pacientes a revivirlas sin recurrir a la hipnosis?–</b></span></span></p>
<p lang="es-ES" align="justify"><span style="font-family: Times New Roman, serif">–<span style="font-size: large">Tiene que focalizar esa sensación y sentirla profundamente hasta que pueda asemejar esa sensación a lo que la provocó. Lo que te sana es la revivencia en el cuerpo y eso es la parte dura, por ejemplo, si sus problemas respiratorios o ahogos están relacionados con que murió en la horca, tiene que llegar a sentir la soga al cuello. Así el alma puede desprenderse de ese trauma y terminar con él.–</span></span></p>
<p lang="es-ES" align="justify"><span style="font-family: Times New Roman, serif">–<span style="font-size: large"><b>¿Y en el caso del nacimiento o la vida fetal?–</b></span></span></p>
<p lang="es-ES" align="justify"><span style="font-family: Times New Roman, serif">–<span style="font-size: large">Si el momento de nuestro nacimiento fue traumático podía haber despertado esa experiencia de otra vida pasada. También en el seno materno, todo lo que le pasa a la madre, el feto lo vive como propio. A veces las depresiones y el miedo pueden venir del vientre materno.–</span></span></p>
<p lang="es-ES" align="justify"><span style="font-family: Times New Roman, serif">–<span style="font-size: large"><b>Dígame el caso más impactante que haya atendido en su consulta.–</b></span></span></p>
<p lang="es-ES" align="justify"><span style="font-family: Times New Roman, serif">–<span style="font-size: large">Algunos de los más impactantes suceden cuando un adulto descubre, al trabajar con la regresión, que fue el hermano mayor que murió antes de que naciera. En familias con hijos fallecidos hay muchas probabilidades de que su alma se reencarne en otro hermano.–</span></span></p>

<p>José Luis Cabouli: «Hay casos de gente con el alma de hermanos muertos». La Verdad. Viernes, 25 de mayo de 2012. «Hay casos de gente con el alma de hermanos &hellip; <a href="https://animaweb.blog.pangea.org/es/jose-luis-cabouli-hi-ha-casos-de-gent-amb-lanima-de-germans-morts/" class="more-link">Continuar leyendo<span class="screen-reader-text"> «José Luis Cabouli: «Hay casos de gente con el alma de hermanos muertos».»</span></a></p>
