{"id":1304,"date":"2021-04-17T09:04:00","date_gmt":"2021-04-17T07:04:00","guid":{"rendered":"https:\/\/animaweb.cat\/?page_id=1304"},"modified":"2022-12-25T21:10:17","modified_gmt":"2022-12-25T19:10:17","slug":"bibliografia-de-la-doctora-viviana-zenteno","status":"publish","type":"page","link":"https:\/\/animaweb.blog.pangea.org\/es\/bibliografia-de-la-doctora-viviana-zenteno\/","title":{"rendered":"Bibliograf\u00eda de la Doctora Viviana Zenteno."},"content":{"rendered":"<p lang=\"es-ES\" align=\"center\"><span style=\"font-family: Times New Roman, serif\"><span style=\"font-size: x-large\"><b>Bibliograf\u00eda de la Doctora Viviana Zenteno.<\/b><\/span><\/span><\/p>\n<table border=\"0\" width=\"100%\">\n<tbody>\n<tr>\n<td>\n<p style=\"text-align: center\" align=\"justify\"><img loading=\"lazy\" decoding=\"async\" class=\"aligncenter wp-image-1305 size-full\" title=\"Doctora Viviana Zenteno Cereceda. Regresiones: Terapia del Alma. Portada.\" src=\"https:\/\/animaweb.cat\/files\/2021\/04\/Doctora_Viviana_Zenteno_Cereceda_Regresiones_Terapia_del_Alma_72ppp_200x300px.png\" alt=\"Doctora Viviana Zenteno Cereceda. Regresiones: Terapia del Alma. Portada.\" width=\"200\" height=\"300\" \/><\/p>\n<p class=\"western\" align=\"justify\"><span style=\"font-family: Times New Roman, serif\"><span style=\"font-size: large\"><span lang=\"es-ES\">Doctora Viviana Zenteno Cereceda. <\/span><\/span><\/span><span style=\"font-family: Times New Roman, serif\"><span style=\"font-size: large\"><span lang=\"es-ES\"><i>Regresiones: Terapia del Alma<\/i><\/span><\/span><\/span><span style=\"font-family: Times New Roman, serif\"><span style=\"font-size: large\"><span lang=\"es-ES\">. Primera edici\u00f3n: Marzo de 2004.<\/span><\/span><\/span><\/p>\n<p class=\"western\" align=\"justify\"><span style=\"font-family: Times New Roman, serif\"><span style=\"font-size: large\"><span lang=\"es-ES\"><b>Regresiones: Terapia del Alma<\/b><\/span><\/span><\/span><span style=\"font-family: Times New Roman, serif\"><span style=\"font-size: large\"><span lang=\"es-ES\"> es un libro que ofrece respuestas a las m\u00e1s profundas dudas del ser humano mediante la experiencia de la regresi\u00f3n: \u00abQu\u00e9 hice para merecer esto; por qu\u00e9 no logro entenderme con mi hija\u00bb; \u00abDios es injusto\u00bb; \u00abPrimera vez que lo veo, per\u00f2 siento que lo conozco de siempre&#8230;\u00bb; \u00abPor qu\u00e9 esta fobia, estos miedos, esta desesperanza&#8230;\u00bb.<\/span><\/span><\/span><\/p>\n<p class=\"western\" lang=\"es-ES\" align=\"justify\"><span style=\"font-family: Times New Roman, serif\"><span style=\"font-size: large\">El libro parte de los postulados de la Reencarnaci\u00f3n y del Karma, este \u00faltimo visto no como una fatalidad, sino como una ley de acci\u00f3n-reacci\u00f3n, que siempre nos permite la compensaci\u00f3n, y en la cual el ser humano es verdaderamente due\u00f1o de su destino. A trav\u00e9s de sus cap\u00edtulos va mostrando c\u00f3mo funciona la Terapia Regresiva, una forma de sanaci\u00f3n que act\u00faa a nivel f\u00edsico, mental, emocional y espiritual. Los diferentes testimonios demuestran que gran parte de los conflictos del presente se originan en experiencias traum\u00e1ticas del pasado; un pasado que puede ser cercano o remoto. Estas vivencias quedan almacenadas en el inconsciente, en una memoria que excede al cuerpo f\u00edsico, conocida como \u00abmemoria del alma\u00bb. Es a ese nivel donde trabaja la \u00abregresi\u00f3n\u00bb, trayendo a la conciencia esos hechos que act\u00faan como verdaderos \u00ababcesos emocionales\u00bb, para por fin \u00abdrenarlos\u00bb, terminando as\u00ed con el conflicto.<\/span><\/span><\/p>\n<p class=\"western\" lang=\"es-ES\" align=\"justify\"><span style=\"font-family: Times New Roman, serif\"><span style=\"font-size: large\">Pero no es necesario creer en la Reencarnaci\u00f3n para beneficiarse de esta terapia. Guiado por el terapeuta, el paciente experimenta la regresi\u00f3n, libera las energ\u00edas all\u00ed acumuladas, y luego puede darle la interpretaci\u00f3n que quiera: eso no es importante. Lo verdaderamente relevante es la gran capacidad sanadora que posee esta terapia. Tal es as\u00ed, que una vez \u00abdesprogramado\u00bb el hecho traum\u00e1tico, surgen una comprensi\u00f3n y un entendimiento que a menudo cambian total y definitivamente la apreciaci\u00f3n que la persona tiene de s\u00ed misma y de cuando la rodea. Aparece una nueva actitud de certeza y esperanza, se renueva la fe en Dios. Esto y mucho m\u00e1s es lo que encontrar\u00e1n en estas p\u00e1ginas.<\/span><\/span><\/p>\n<\/td>\n<\/tr>\n<tr>\n<td>\n<p style=\"text-align: center\" align=\"justify\"><img loading=\"lazy\" decoding=\"async\" class=\"aligncenter wp-image-1306 size-full\" title=\"Doctora Viviana Zenteno Cereceda. El Alma Sabe. Un m\u00e9todo de sanaci\u00f3n a trav\u00e9s de la terapia de vidas pasadas. Catalonia. Portada.\" src=\"https:\/\/animaweb.cat\/files\/2021\/04\/Doctora_Viviana_Zenteno_Cereceda_El_Alma_Sabe_72ppp_200x309px.png\" alt=\"Doctora Viviana Zenteno Cereceda. El Alma Sabe. Un m\u00e9todo de sanaci\u00f3n a trav\u00e9s de la terapia de vidas pasadas. Catalonia. Portada.\" width=\"200\" height=\"309\" srcset=\"https:\/\/animaweb.blog.pangea.org\/files\/2021\/04\/Doctora_Viviana_Zenteno_Cereceda_El_Alma_Sabe_72ppp_200x309px.png 200w, https:\/\/animaweb.blog.pangea.org\/files\/2021\/04\/Doctora_Viviana_Zenteno_Cereceda_El_Alma_Sabe_72ppp_200x309px-194x300.png 194w\" sizes=\"auto, (max-width: 200px) 85vw, 200px\" \/><\/p>\n<p class=\"western\" align=\"justify\"><span style=\"font-family: Times New Roman, serif\"><span style=\"font-size: large\"><span lang=\"es-ES\">Doctora Viviana Zenteno Cereceda. <\/span><\/span><\/span><span style=\"font-family: Times New Roman, serif\"><span style=\"font-size: large\"><span lang=\"es-ES\"><i>El Alma Sabe. Un m\u00e9todo de sanaci\u00f3n a trav\u00e9s de la terapia de vidas pasadas<\/i><\/span><\/span><\/span><span style=\"font-family: Times New Roman, serif\"><span style=\"font-size: large\"><span lang=\"es-ES\">. Catalonia. Colecci\u00f3n b\u00fasquedas. Primera edici\u00f3n: Septiembre de 2015. Segunda edici\u00f3n: Abril de 2019.<\/span><\/span><\/span><\/p>\n<p class=\"western\" align=\"justify\"><span style=\"font-family: Times New Roman, serif\"><span style=\"font-size: large\"><span lang=\"es-ES\">Las respuestas a los conflictos e inquietudes que vivimos como seres humanos est\u00e1n en el alma, porque nadie sabe m\u00e1s de nosotros mismos. Si el alma puede todo esto, si es tanto lo que sabe, \u00bfpor qu\u00e9 su sabidur\u00eda no suele estar a nuestra disposici\u00f3n? Simplemente porque hemos olvidado su cuidado, porque hemos dado la prioridad a la experiencia material, relegando nuestra esencia al \u00faltimo lugar. La Doctora Zenteno presenta en este libro la <\/span><\/span><\/span><span style=\"font-family: Times New Roman, serif\"><span style=\"font-size: large\"><span lang=\"es-ES\"><i>Terapia de Vidas Pasadas<\/i><\/span><\/span><\/span><span style=\"font-family: Times New Roman, serif\"><span style=\"font-size: large\"><span lang=\"es-ES\"> como una t\u00e9cnica de acceso a la sabidur\u00eda del alma, que trabaja en todos los niveles del ser: f\u00edsico, mental, emocional y espiritual.<\/span><\/span><\/span><\/p>\n<p class=\"western\" lang=\"es-ES\" align=\"justify\"><span style=\"font-family: Times New Roman, serif\"><span style=\"font-size: large\">A trav\u00e9s de casos reales veremos c\u00f3mo la terapia de regresi\u00f3n terap\u00e9utica permite desbloquear energ\u00edas, recuperar fragmentos del alma que quedaron atrapados en los eventos traum\u00e1ticos del pasado, y lo que es muy importante para todo ser humano: comprender, rescatar el sentido profundo de lo que se vivi\u00f3. Una terapia donde los pacientes van al reencuentro con su esencia, recuperan la conexi\u00f3n con el alma, y son guiados por su misma sabidur\u00eda para sanar.<\/span><\/span><\/p>\n<\/td>\n<\/tr>\n<tr>\n<td>\n<p style=\"text-align: center\" align=\"justify\"><img loading=\"lazy\" decoding=\"async\" class=\"aligncenter wp-image-1307 size-full\" title=\"Doctora Viviana Zenteno Cereceda. Manual de instrucci\u00f3n en terapia de vida pasada. Portada.\" src=\"https:\/\/animaweb.cat\/files\/2021\/04\/Doctora_Viviana_Zenteno_Cereceda_Manual_de_introduccion_en_Terapia_de_Vida_Pasada_72ppp_200x288px.png\" alt=\"Doctora Viviana Zenteno Cereceda. Manual de instrucci\u00f3n en terapia de vida pasada. Portada.\" width=\"200\" height=\"288\" \/><\/p>\n<p class=\"western\" align=\"justify\"><span style=\"font-family: Times New Roman, serif\"><span style=\"font-size: large\"><span style=\"color: #000000\"><span lang=\"es-ES\">Doctora Viviana Zenteno Cereceda. <\/span><\/span><span style=\"color: #000000\"><span lang=\"es-ES\"><i>Manu<\/i><\/span><\/span><span style=\"color: #000000\"><span lang=\"es-ES\"><i>a<\/i><\/span><\/span><span style=\"color: #000000\"><span lang=\"es-ES\"><i>l de instrucci\u00f3n en terapia de vida pasada<\/i><\/span><\/span><span style=\"color: #000000\"><span lang=\"es-ES\">.<\/span><\/span><\/span><\/span><\/p>\n<p class=\"western\" lang=\"es-ES\" align=\"justify\"><span style=\"font-family: Times New Roman, serif\"><span style=\"font-size: large\">Este manual se fue gestando paralelamente a los Cursos de Formaci\u00f3n Profesional que Viviana desarrolla desde 2005.<\/span><\/span><\/p>\n<p class=\"western\" lang=\"es-ES\" align=\"justify\"><span style=\"font-family: Times New Roman, serif\"><span style=\"font-size: large\">En un comienzo ella desarroll\u00f3 verbalmente la teor\u00eda de la TVP, apoy\u00e1ndose en Bibliograf\u00eda que recomendaba en cada m\u00f3dulo.<\/span><\/span><\/p>\n<p class=\"western\" lang=\"es-ES\" align=\"justify\"><span style=\"font-family: Times New Roman, serif\"><span style=\"font-size: large\">En la medida que los alumnos solicitaban profundizar en determinados temas, o repasar lo ya tratado al confrontarlo con la pr\u00e1ctica vivencial, la doctora comenz\u00f3 a entregar apuntes.<\/span><\/span><\/p>\n<p class=\"western\" lang=\"es-ES\" align=\"justify\"><span style=\"font-family: Times New Roman, serif\"><span style=\"font-size: large\">As\u00ed surgi\u00f3 la idea de ordenar y compaginar este valioso material did\u00e1ctico, lo cual permitir\u00e1 que todos sus disc\u00edpulos, formados y en formaci\u00f3n, puedan usarlo como gu\u00eda en su trabajo terap\u00e9utico.<\/span><\/span><\/p>\n<p class=\"western\" lang=\"es-ES\" align=\"justify\"><span style=\"font-family: Times New Roman, serif\"><span style=\"font-size: large\">El Lanzamiento del Manual se llev\u00f3 a cabo el d\u00eda 17 de enero de 2009 en el Hotel Conde de Ans\u00farez, en Santiago de Chile.<\/span><\/span><\/p>\n<p class=\"western\" lang=\"es-ES\" align=\"justify\"><span style=\"font-family: Times New Roman, serif\"><span style=\"font-size: large\">Fue un evento muy significativo, como una forma de consolidaci\u00f3n de la labor formativa, pero tambi\u00e9n como una instancia de encuentro e intercambio entre los participantes de los diversos cursos.<\/span><\/span><\/p>\n<p class=\"western\" lang=\"es-ES\" align=\"justify\"><span style=\"font-family: Times New Roman, serif\"><span style=\"font-size: large\">En palabras de Viviana Zenteno: \u00abConf\u00edo en que este enriquecimiento mutuo se manifieste en el futuro en la concreci\u00f3n de ideas y proyectos que puedan difundir y extender cada vez m\u00e1s esta forma de sanaci\u00f3n que nos mueve con esperanza y con pasi\u00f3n\u00bb.<\/span><\/span><\/p>\n<p class=\"western\" align=\"justify\"><strong><span style=\"color: #000000\"><span style=\"font-family: Times New Roman, serif\"><span style=\"font-size: large\"><span lang=\"es-ES\">Manual de uso exclusivo para estudiantes y terapeutas de los Cursos de TVP de la <\/span><\/span><\/span><\/span><\/strong><strong><span style=\"color: #000000\"><span style=\"font-family: Times New Roman, serif\"><span style=\"font-size: large\"><span lang=\"es-ES\"><b>Docto<\/b><\/span><\/span><\/span><\/span><\/strong><strong><span style=\"color: #000000\"><span style=\"font-family: Times New Roman, serif\"><span style=\"font-size: large\"><span lang=\"es-ES\">ra Viviana Zenteno.<\/span><\/span><\/span><\/span><\/strong><\/p>\n<\/td>\n<\/tr>\n<\/tbody>\n<\/table>","protected":false},"excerpt":{"rendered":"<p>Bibliograf\u00eda de la Doctora Viviana Zenteno. Doctora Viviana Zenteno Cereceda. Regresiones: Terapia del Alma. Primera edici\u00f3n: Marzo de 2004. Regresiones: Terapia del Alma es un libro que ofrece respuestas a &hellip; <a href=\"https:\/\/animaweb.blog.pangea.org\/es\/bibliografia-de-la-doctora-viviana-zenteno\/\" class=\"more-link\">Continuar leyendo<span class=\"screen-reader-text\"> \u00abBibliograf\u00eda de la Doctora Viviana Zenteno.\u00bb<\/span><\/a><\/p>\n","protected":false},"author":12345698,"featured_media":0,"parent":0,"menu_order":0,"comment_status":"closed","ping_status":"closed","template":"","meta":{"ngg_post_thumbnail":0,"footnotes":""},"class_list":["post-1304","page","type-page","status-publish","hentry"],"_links":{"self":[{"href":"https:\/\/animaweb.blog.pangea.org\/es\/wp-json\/wp\/v2\/pages\/1304","targetHints":{"allow":["GET"]}}],"collection":[{"href":"https:\/\/animaweb.blog.pangea.org\/es\/wp-json\/wp\/v2\/pages"}],"about":[{"href":"https:\/\/animaweb.blog.pangea.org\/es\/wp-json\/wp\/v2\/types\/page"}],"author":[{"embeddable":true,"href":"https:\/\/animaweb.blog.pangea.org\/es\/wp-json\/wp\/v2\/users\/12345698"}],"replies":[{"embeddable":true,"href":"https:\/\/animaweb.blog.pangea.org\/es\/wp-json\/wp\/v2\/comments?post=1304"}],"version-history":[{"count":9,"href":"https:\/\/animaweb.blog.pangea.org\/es\/wp-json\/wp\/v2\/pages\/1304\/revisions"}],"predecessor-version":[{"id":2277,"href":"https:\/\/animaweb.blog.pangea.org\/es\/wp-json\/wp\/v2\/pages\/1304\/revisions\/2277"}],"wp:attachment":[{"href":"https:\/\/animaweb.blog.pangea.org\/es\/wp-json\/wp\/v2\/media?parent=1304"}],"curies":[{"name":"wp","href":"https:\/\/api.w.org\/{rel}","templated":true}]}}

Bibliografía de la Doctora Viviana Zenteno.

<p lang="es-ES" align="center"><span style="font-family: Times New Roman, serif"><span style="font-size: x-large"><b>Bibliografía de la Doctora Viviana Zenteno.</b></span></span></p>
<table border="0" width="100%">
<tbody>
<tr>
<td>
<p style="text-align: center" align="justify"><img loading="lazy" decoding="async" class="aligncenter wp-image-1305 size-full" title="Doctora Viviana Zenteno Cereceda. Regresiones: Terapia del Alma. Portada." src="https://animaweb.cat/files/2021/04/Doctora_Viviana_Zenteno_Cereceda_Regresiones_Terapia_del_Alma_72ppp_200x300px.png" alt="Doctora Viviana Zenteno Cereceda. Regresiones: Terapia del Alma. Portada." width="200" height="300" /></p>
<p class="western" align="justify"><span style="font-family: Times New Roman, serif"><span style="font-size: large"><span lang="es-ES">Doctora Viviana Zenteno Cereceda. </span></span></span><span style="font-family: Times New Roman, serif"><span style="font-size: large"><span lang="es-ES"><i>Regresiones: Terapia del Alma</i></span></span></span><span style="font-family: Times New Roman, serif"><span style="font-size: large"><span lang="es-ES">. Primera edición: Marzo de 2004.</span></span></span></p>
<p class="western" align="justify"><span style="font-family: Times New Roman, serif"><span style="font-size: large"><span lang="es-ES"><b>Regresiones: Terapia del Alma</b></span></span></span><span style="font-family: Times New Roman, serif"><span style="font-size: large"><span lang="es-ES"> es un libro que ofrece respuestas a las más profundas dudas del ser humano mediante la experiencia de la regresión: «Qué hice para merecer esto; por qué no logro entenderme con mi hija»; «Dios es injusto»; «Primera vez que lo veo, però siento que lo conozco de siempre&#8230;»; «Por qué esta fobia, estos miedos, esta desesperanza&#8230;».</span></span></span></p>
<p class="western" lang="es-ES" align="justify"><span style="font-family: Times New Roman, serif"><span style="font-size: large">El libro parte de los postulados de la Reencarnación y del Karma, este último visto no como una fatalidad, sino como una ley de acción-reacción, que siempre nos permite la compensación, y en la cual el ser humano es verdaderamente dueño de su destino. A través de sus capítulos va mostrando cómo funciona la Terapia Regresiva, una forma de sanación que actúa a nivel físico, mental, emocional y espiritual. Los diferentes testimonios demuestran que gran parte de los conflictos del presente se originan en experiencias traumáticas del pasado; un pasado que puede ser cercano o remoto. Estas vivencias quedan almacenadas en el inconsciente, en una memoria que excede al cuerpo físico, conocida como «memoria del alma». Es a ese nivel donde trabaja la «regresión», trayendo a la conciencia esos hechos que actúan como verdaderos «abcesos emocionales», para por fin «drenarlos», terminando así con el conflicto.</span></span></p>
<p class="western" lang="es-ES" align="justify"><span style="font-family: Times New Roman, serif"><span style="font-size: large">Pero no es necesario creer en la Reencarnación para beneficiarse de esta terapia. Guiado por el terapeuta, el paciente experimenta la regresión, libera las energías allí acumuladas, y luego puede darle la interpretación que quiera: eso no es importante. Lo verdaderamente relevante es la gran capacidad sanadora que posee esta terapia. Tal es así, que una vez «desprogramado» el hecho traumático, surgen una comprensión y un entendimiento que a menudo cambian total y definitivamente la apreciación que la persona tiene de sí misma y de cuando la rodea. Aparece una nueva actitud de certeza y esperanza, se renueva la fe en Dios. Esto y mucho más es lo que encontrarán en estas páginas.</span></span></p>
</td>
</tr>
<tr>
<td>
<p style="text-align: center" align="justify"><img loading="lazy" decoding="async" class="aligncenter wp-image-1306 size-full" title="Doctora Viviana Zenteno Cereceda. El Alma Sabe. Un método de sanación a través de la terapia de vidas pasadas. Catalonia. Portada." src="https://animaweb.cat/files/2021/04/Doctora_Viviana_Zenteno_Cereceda_El_Alma_Sabe_72ppp_200x309px.png" alt="Doctora Viviana Zenteno Cereceda. El Alma Sabe. Un método de sanación a través de la terapia de vidas pasadas. Catalonia. Portada." width="200" height="309" srcset="https://animaweb.blog.pangea.org/files/2021/04/Doctora_Viviana_Zenteno_Cereceda_El_Alma_Sabe_72ppp_200x309px.png 200w, https://animaweb.blog.pangea.org/files/2021/04/Doctora_Viviana_Zenteno_Cereceda_El_Alma_Sabe_72ppp_200x309px-194x300.png 194w" sizes="auto, (max-width: 200px) 85vw, 200px" /></p>
<p class="western" align="justify"><span style="font-family: Times New Roman, serif"><span style="font-size: large"><span lang="es-ES">Doctora Viviana Zenteno Cereceda. </span></span></span><span style="font-family: Times New Roman, serif"><span style="font-size: large"><span lang="es-ES"><i>El Alma Sabe. Un método de sanación a través de la terapia de vidas pasadas</i></span></span></span><span style="font-family: Times New Roman, serif"><span style="font-size: large"><span lang="es-ES">. Catalonia. Colección búsquedas. Primera edición: Septiembre de 2015. Segunda edición: Abril de 2019.</span></span></span></p>
<p class="western" align="justify"><span style="font-family: Times New Roman, serif"><span style="font-size: large"><span lang="es-ES">Las respuestas a los conflictos e inquietudes que vivimos como seres humanos están en el alma, porque nadie sabe más de nosotros mismos. Si el alma puede todo esto, si es tanto lo que sabe, ¿por qué su sabiduría no suele estar a nuestra disposición? Simplemente porque hemos olvidado su cuidado, porque hemos dado la prioridad a la experiencia material, relegando nuestra esencia al último lugar. La Doctora Zenteno presenta en este libro la </span></span></span><span style="font-family: Times New Roman, serif"><span style="font-size: large"><span lang="es-ES"><i>Terapia de Vidas Pasadas</i></span></span></span><span style="font-family: Times New Roman, serif"><span style="font-size: large"><span lang="es-ES"> como una técnica de acceso a la sabiduría del alma, que trabaja en todos los niveles del ser: físico, mental, emocional y espiritual.</span></span></span></p>
<p class="western" lang="es-ES" align="justify"><span style="font-family: Times New Roman, serif"><span style="font-size: large">A través de casos reales veremos cómo la terapia de regresión terapéutica permite desbloquear energías, recuperar fragmentos del alma que quedaron atrapados en los eventos traumáticos del pasado, y lo que es muy importante para todo ser humano: comprender, rescatar el sentido profundo de lo que se vivió. Una terapia donde los pacientes van al reencuentro con su esencia, recuperan la conexión con el alma, y son guiados por su misma sabiduría para sanar.</span></span></p>
</td>
</tr>
<tr>
<td>
<p style="text-align: center" align="justify"><img loading="lazy" decoding="async" class="aligncenter wp-image-1307 size-full" title="Doctora Viviana Zenteno Cereceda. Manual de instrucción en terapia de vida pasada. Portada." src="https://animaweb.cat/files/2021/04/Doctora_Viviana_Zenteno_Cereceda_Manual_de_introduccion_en_Terapia_de_Vida_Pasada_72ppp_200x288px.png" alt="Doctora Viviana Zenteno Cereceda. Manual de instrucción en terapia de vida pasada. Portada." width="200" height="288" /></p>
<p class="western" align="justify"><span style="font-family: Times New Roman, serif"><span style="font-size: large"><span style="color: #000000"><span lang="es-ES">Doctora Viviana Zenteno Cereceda. </span></span><span style="color: #000000"><span lang="es-ES"><i>Manu</i></span></span><span style="color: #000000"><span lang="es-ES"><i>a</i></span></span><span style="color: #000000"><span lang="es-ES"><i>l de instrucción en terapia de vida pasada</i></span></span><span style="color: #000000"><span lang="es-ES">.</span></span></span></span></p>
<p class="western" lang="es-ES" align="justify"><span style="font-family: Times New Roman, serif"><span style="font-size: large">Este manual se fue gestando paralelamente a los Cursos de Formación Profesional que Viviana desarrolla desde 2005.</span></span></p>
<p class="western" lang="es-ES" align="justify"><span style="font-family: Times New Roman, serif"><span style="font-size: large">En un comienzo ella desarrolló verbalmente la teoría de la TVP, apoyándose en Bibliografía que recomendaba en cada módulo.</span></span></p>
<p class="western" lang="es-ES" align="justify"><span style="font-family: Times New Roman, serif"><span style="font-size: large">En la medida que los alumnos solicitaban profundizar en determinados temas, o repasar lo ya tratado al confrontarlo con la práctica vivencial, la doctora comenzó a entregar apuntes.</span></span></p>
<p class="western" lang="es-ES" align="justify"><span style="font-family: Times New Roman, serif"><span style="font-size: large">Así surgió la idea de ordenar y compaginar este valioso material didáctico, lo cual permitirá que todos sus discípulos, formados y en formación, puedan usarlo como guía en su trabajo terapéutico.</span></span></p>
<p class="western" lang="es-ES" align="justify"><span style="font-family: Times New Roman, serif"><span style="font-size: large">El Lanzamiento del Manual se llevó a cabo el día 17 de enero de 2009 en el Hotel Conde de Ansúrez, en Santiago de Chile.</span></span></p>
<p class="western" lang="es-ES" align="justify"><span style="font-family: Times New Roman, serif"><span style="font-size: large">Fue un evento muy significativo, como una forma de consolidación de la labor formativa, pero también como una instancia de encuentro e intercambio entre los participantes de los diversos cursos.</span></span></p>
<p class="western" lang="es-ES" align="justify"><span style="font-family: Times New Roman, serif"><span style="font-size: large">En palabras de Viviana Zenteno: «Confío en que este enriquecimiento mutuo se manifieste en el futuro en la concreción de ideas y proyectos que puedan difundir y extender cada vez más esta forma de sanación que nos mueve con esperanza y con pasión».</span></span></p>
<p class="western" align="justify"><strong><span style="color: #000000"><span style="font-family: Times New Roman, serif"><span style="font-size: large"><span lang="es-ES">Manual de uso exclusivo para estudiantes y terapeutas de los Cursos de TVP de la </span></span></span></span></strong><strong><span style="color: #000000"><span style="font-family: Times New Roman, serif"><span style="font-size: large"><span lang="es-ES"><b>Docto</b></span></span></span></span></strong><strong><span style="color: #000000"><span style="font-family: Times New Roman, serif"><span style="font-size: large"><span lang="es-ES">ra Viviana Zenteno.</span></span></span></span></strong></p>
</td>
</tr>
</tbody>
</table>

<p>Bibliografía de la Doctora Viviana Zenteno. Doctora Viviana Zenteno Cereceda. Regresiones: Terapia del Alma. Primera edición: Marzo de 2004. Regresiones: Terapia del Alma es un libro que ofrece respuestas a &hellip; <a href="https://animaweb.blog.pangea.org/es/bibliografia-de-la-doctora-viviana-zenteno/" class="more-link">Continuar leyendo<span class="screen-reader-text"> «Bibliografía de la Doctora Viviana Zenteno.»</span></a></p>
