{"id":11,"date":"2018-01-17T13:56:50","date_gmt":"2018-01-17T11:56:50","guid":{"rendered":"http:\/\/animaweb.blog.pangea.org\/?page_id=11"},"modified":"2023-02-15T20:37:58","modified_gmt":"2023-02-15T18:37:58","slug":"entrevistes","status":"publish","type":"page","link":"https:\/\/animaweb.blog.pangea.org\/es\/entrevistes\/","title":{"rendered":"Entrevistas"},"content":{"rendered":"<p class=\"western\" lang=\"es-ES\" style=\"text-align: justify\" align=\"center\"><span style=\"font-family: Times New Roman, serif\"><span style=\"font-size: x-large\"><b><a href=\"\/es\/brian-weiss-som-animes-i-anem-de-cos-en-cos\/\">Brian Weiss: \u00abSomos almas y vamos de cuerpo en cuerpo\u00bb.<\/a><br \/>\n<\/b><\/span><\/span><span style=\"font-family: Times New Roman, serif\"><span style=\"font-size: large\"><b>El Peri\u00f3dico de Catalunya. Gaspar Hern\u00e1ndez. Mi\u00e9rcoles, 21 de enero del 2009. Opini\u00f3n. P\u00e1gina 80.<br \/>\n<\/b><\/span><\/span><span style=\"font-family: Times New Roman, serif\"><span style=\"font-size: large\"><i>La entrevista con Brian Weiss, Psiquiatra especialista en terapia regresiva. En Estados Unidos ha atendido a cerca de 4.000 pacientes que tienen recuerdos de sus vidas pasadas (&#8230;).<\/i><\/span><\/span><\/p>\n<p class=\"western\" lang=\"es-ES\" align=\"justify\"><span style=\"font-family: Times New Roman, serif\"><span style=\"font-size: x-large\"><b><a href=\"\/es\/retorn-a-la-pau-entrevista-a-brian-weiss\/\">Regreso a la paz. Entrevista a Brian Weiss.<\/a><br \/>\n<\/b><\/span><\/span><span style=\"font-family: Times New Roman, serif\"><span style=\"font-size: large\"><b>Revista Athanor. N\u00famero 35. Septiembre-octubre de 2002. P\u00e1ginas 15-18.<br \/>\n<\/b><\/span><\/span><span style=\"font-family: Times New Roman, serif\"><span style=\"font-size: large\">Entrevistador: Josep Agust\u00edn. Int\u00e9rprete: Loto Perrella. Fot\u00f3grafa: Natalia Campoy.<br \/>\n<\/span><\/span><span style=\"font-family: Times New Roman, serif\"><span style=\"font-size: large\"><i>Como estar en paz con uno mismo y, por consiguiente, con todo es quiz\u00e1 la f\u00f3rmula m\u00e1gica m\u00e1s buscada desde siempre por el ser humano. Al ser recibido por el doctor Brian Weiss en el hotel y durante toda la entrevista fuimos acompa\u00f1ados por la tranquilidad, el buen humor y el car\u00e1cter atento de esta persona (&#8230;).<\/i><\/span><\/span><\/p>\n<p class=\"western\" lang=\"es-ES\" align=\"justify\"><span style=\"font-family: Times New Roman, serif\"><span style=\"font-size: large\"><strong><span style=\"color: #000000\"><span style=\"font-size: x-large\"><a href=\"\/es\/doctora-viviana-zenteno-les-regressions-com-a-terapia-de-lanima-entrevista-terra-6-5-2010\/\">Doctora Viviana Zenteno. Las regresiones como terapia del alma.<\/a><br \/>\n<\/span><\/span><\/strong><\/span><\/span><span style=\"font-family: Times New Roman, serif\"><span style=\"font-size: large\"><strong>Entrevista Terra <\/strong><strong>Networks Chile<\/strong><strong>.<\/strong><\/span><\/span><strong> <span style=\"font-family: Times New Roman, serif\"><span style=\"font-size: large\">Por: Carmen Luz Heredia.<br \/>\n<\/span><\/span><\/strong><span style=\"font-family: Times New Roman, serif\"><span style=\"font-size: large\"><strong>Jueves, 6 de Mayo de 2010.<br \/>\n<\/strong><\/span><\/span><span style=\"font-family: Times New Roman, serif\"><span style=\"font-size: large\"><i>A trav\u00e9s de esta t\u00e9cnica, el pasado se mezcla con el presente y se activan una serie de hechos que no est\u00e1n en el consciente.<\/i><\/span><\/span><\/p>\n<p lang=\"es-ES\" style=\"text-align: justify\" align=\"center\"><span style=\"font-family: Times New Roman, serif\"><span style=\"font-size: x-large\"><b><a href=\"\/es\/jose-luis-cabouli-el-teu-ego-no-suporta-tota-la-veritat\/\">Jos\u00e9 Luis Cabouli: \u00abTu ego no soporta toda la verdad\u00bb.<\/a><br \/>\n<\/b><\/span><\/span><span style=\"font-family: Times New Roman, serif\"><span style=\"font-size: large\"><b>La Vanguardia. S\u00e1bado, 23 de Agosto de 2003. La Contra.<br \/>\n<\/b><\/span><\/span><em><span style=\"font-family: Times New Roman, serif\"><span style=\"font-size: large\">Tengo 52 a\u00f1os. Nac\u00ed en Buenos Aires. Fui cirujano pl\u00e1stico, pero de los que no se hacen ricos, y hoy soy terapeuta regresivo. Tengo un hijo de 10 meses y otro de 20 a\u00f1os. Creo que en esta vida purgamos errores de vidas anteriores que debemos subsanar con amor y traumas terribles de los que debe librarse al recordarlos nuestra conciencia (&#8230;).<\/span><\/span><\/em><\/p>\n<p class=\"western\" lang=\"es-ES\" style=\"text-align: justify\" align=\"center\"><span style=\"font-family: Times New Roman, serif\"><span style=\"font-size: x-large\"><a href=\"\/es\/jose-luis-cabouli-lanima-es-el-xofer-el-cos-el-vehicle\/\"><strong>Jos\u00e9 Luis Cabouli: \u00abEl alma es el ch\u00f3fer; el cuerpo, el veh\u00edculo\u00bb.<\/strong><\/a><br \/>\n<\/span><\/span><span style=\"font-family: Times New Roman, serif\"><span style=\"font-size: large\"><b>El Peri\u00f3dico de Catalunya. Mi\u00e9rcoles, 8 de octubre de 2008.<br \/>\n<\/b><\/span><\/span><span style=\"font-family: Times New Roman, serif\"><span style=\"font-size: large\"><i>Jos\u00e9 Luis Cabouli practica la Terapia de las Vidas Pasadas. Es m\u00e9dico y cirujano del alma. Asume que existe la reencarnaci\u00f3n y trabaja con pacientes que arrastran traumas de otras vidas (&#8230;).<\/i><\/span><\/span><\/p>\n<p lang=\"es-ES\" style=\"text-align: justify\" align=\"justify\"><span style=\"font-family: Times New Roman, serif\"><a href=\"\/es\/jose-luis-cabouli-hi-ha-casos-de-gent-amb-lanima-de-germans-morts\/\"><span style=\"font-size: x-large\"><b>Jos\u00e9 Luis Cabouli: \u00abHay casos de gente con el alma de hermanos muertos\u00bb.<br \/>\n<\/b><\/span><\/a><span style=\"font-size: large\"><b>La Verdad. Viernes, 25 de mayo de 2012.<br \/>\n<\/b><\/span><span style=\"font-size: large\"><i>\u00abEl experto utiliza una t\u00e9cnica de regresi\u00f3n a vidas pasadas para resolver conflictos y problemas psicol\u00f3gicos de sus pacientes (&#8230;)\u00bb.<\/i><\/span><\/span><\/p>\n<p class=\"western\" lang=\"es-ES\" style=\"text-align: justify\" align=\"center\"><span style=\"font-family: Times New Roman, serif\"><span style=\"font-size: x-large\"><b><a href=\"\/es\/jose-luis-cabouli-vaig-voler-ser-un-cirurgia-danimes\/\">Jos\u00e9 Luis Cabouli: \u00abQuise ser un cirujano de almas\u00bb.<\/a><br \/>\n<\/b><\/span><\/span><span style=\"font-family: Times New Roman, serif\"><span style=\"font-size: large\"><span lang=\"es-ES\"><b>Por Luis Aubele. Entrevista publicada en el diario \u00abLa Naci\u00f3n\u00bb, Buenos Aires, 22-03-2009.<br \/>\n<\/b><\/span><\/span><\/span><em><span style=\"font-family: Times New Roman, serif\"><span style=\"font-size: large\">\u00ab\u00bfQu\u00e9 fui antes de ser Jos\u00e9 Luis?\u00bb, comenz\u00f3 a preguntarse cuando ten\u00eda 8 a\u00f1os. Lo curioso es que entonces nunca hab\u00eda o\u00eddo hablar de reencarnaci\u00f3n; no s\u00f3lo no sab\u00eda qu\u00e9 era, sino que ni siquiera conoc\u00eda la palabra. \u00abS\u00f3lo unos a\u00f1os m\u00e1s tarde, entre los 15 y los 16, supe de qu\u00e9 se trataba. Pero tuvieron que pasar 20 a\u00f1os m\u00e1s, cuando ya era un cirujano pl\u00e1stico con a\u00f1os de ejercicio, para que entendiera que la reencarnaci\u00f3n pod\u00eda tener un fin terap\u00e9utico\u00bb, recuerda Jos\u00e9 Luis Cabouli, m\u00e9dico y terapeuta especializado en terapia de vidas pasadas (&#8230;).<\/span><\/span><\/em><\/p>\n<p class=\"western\" style=\"text-align: justify\"><a href=\"\/es\/entrevista-al-dr-jose-luis-cabouli-al-diari-reforma-mexic-df\/\"><span style=\"font-family: Times New Roman, serif\"><span style=\"font-size: x-large\"><span lang=\"es-ES\"><b>Entrevista al Dr. Jos\u00e9 Luis Cabouli en el peri\u00f3dico <\/b><\/span><\/span><\/span><span style=\"font-family: Times New Roman, serif\"><span style=\"font-size: x-large\"><span lang=\"es-ES\"><i><b>Reforma<\/b><\/i><\/span><\/span><\/span><span style=\"font-family: Times New Roman, serif\"><span style=\"font-size: x-large\"><span lang=\"es-ES\"><b>, M\u00e9xico DF.<br \/>\n<\/b><\/span><\/span><\/span><\/a><span style=\"font-family: Times New Roman, serif\"><span style=\"font-size: large\"><strong>por Natalia Vitela, M\u00e9xico, 26 de agosto de 2006.<\/strong><br \/>\n<\/span><\/span><em><span style=\"font-family: Times New Roman, serif\"><span style=\"font-size: large\">\u00bfAlguna vez ha experimentado que el que piensa, dice y act\u00faa no es usted y lo hace motivado por una voluntad ajena a la suya? Si es as\u00ed no descarte la posibilidad de estar \u00abpose\u00eddo\u00bb (&#8230;).<\/span><\/span><\/em><\/p>\n<p class=\"western\" lang=\"es-ES\" style=\"text-align: justify\" align=\"center\"><span style=\"font-family: Times New Roman, serif\"><span style=\"font-size: x-large\"><b><a href=\"\/es\/la-ment-una-entrevista-amb-el-dr-michael-newton-per-mary-arsenault\/\">La Mente: una entrevista con el Dr. Michael Newton, por Mary Arsenault.<\/a><br \/>\n<\/b><\/span><\/span><span style=\"font-family: Times New Roman, serif\"><span style=\"font-size: large\"><b>Wisdom Magazine. Mi\u00e9rcoles, 1 de diciembre de 2004.<br \/>\n<\/b><\/span><\/span><em><span style=\"font-family: Times New Roman, serif\"><span style=\"font-size: large\">En 1994, la vida tal como la conocemos, con todas sus preguntas angustiosas de por qu\u00e9 estamos aqu\u00ed y hacia d\u00f3nde vamos, lleg\u00f3 a su fin con la publicaci\u00f3n de <\/span><\/span><span style=\"font-family: Times New Roman, serif\"><span style=\"font-size: large\"><b>Viaje de las Almas<\/b><\/span><\/span><span style=\"font-family: Times New Roman, serif\"><span style=\"font-size: large\">, <\/span><\/span><\/em><span style=\"font-family: Times New Roman, serif\"><span style=\"font-size: large\"><em>del Dr. Michael Newton. En este libro (&#8230;).<\/em><br \/>\n<\/span><\/span><\/p>\n<p class=\"western\" lang=\"es-ES\" align=\"justify\"><span style=\"font-family: Times New Roman, serif\"><span style=\"font-size: x-large\"><b><a href=\"\/es\/albada-dun-nou-dia-entrevista-a-brian-weiss-2007\/\">Amanecer de un Nuevo D\u00eda. Entrevista a Brian Weiss. 2007.<\/a><br \/>\n<\/b><\/span><\/span><b><\/b><span style=\"font-family: Times New Roman, serif\"><span style=\"font-size: large\"><span lang=\"en-US\"><b>Dawn <\/b><\/span><\/span><\/span><span style=\"font-family: Times New Roman, serif\"><span style=\"font-size: large\"><span lang=\"en-US\"><b>Light<\/b><\/span><\/span><\/span><span style=\"font-family: Times New Roman, serif\"><span style=\"font-size: large\"><span lang=\"es-ES\"><b> (Lu<\/b><\/span><\/span><\/span><span style=\"color: #000000\"><span style=\"font-family: Times New Roman, serif\"><span style=\"font-size: large\"><span lang=\"es-ES\"><b>z<\/b><\/span><\/span><\/span><\/span><span style=\"font-family: Times New Roman, serif\"><span style=\"font-size: large\"><span lang=\"es-ES\"><b> del Alba)<\/b><\/span><\/span><\/span><span style=\"font-family: Times New Roman, serif\"><span style=\"font-size: large\"><span lang=\"es-ES\"><b>. Martes, 25 de Diciembre de 2007.<br \/>\n<\/b><\/span><\/span><\/span><b><\/b><span style=\"font-family: Times New Roman, serif\"><span style=\"font-size: large\"><span lang=\"es-ES\"><i>Aqu\u00ed est\u00e1 la entrevista completa de una hora que le hice a Brian Weiss. Un extracto de esta entrevista se public\u00f3 en el n\u00famero de Septiembre\/Octubre de 2007 de la revista <\/i><\/span><\/span><\/span><span style=\"font-family: Times New Roman, serif\"><span style=\"font-size: large\"><span lang=\"en-US\"><i>New Visions Magazine<\/i><\/span><\/span><\/span><span style=\"font-family: Times New Roman, serif\"><span style=\"font-size: large\"><span lang=\"es-ES\"><i>.<br \/>\n<\/i><\/span><\/span><\/span><b><span style=\"font-family: Times New Roman, serif\"><span style=\"font-size: large\"><span lang=\"es-ES\">Traducci\u00f3n respecto la versi\u00f3n original inglesa: Loto Pe<\/span><\/span><\/span><span style=\"color: #000000\"><span style=\"font-family: Times New Roman, serif\"><span style=\"font-size: large\"><span lang=\"es-ES\">rr<\/span><\/span><\/span><\/span><span style=\"font-family: Times New Roman, serif\"><span style=\"font-size: large\"><span lang=\"es-ES\">ella.<\/span><\/span><\/span><\/b><\/p>","protected":false},"excerpt":{"rendered":"<p>Brian Weiss: \u00abSomos almas y vamos de cuerpo en cuerpo\u00bb. El Peri\u00f3dico de Catalunya. Gaspar Hern\u00e1ndez. Mi\u00e9rcoles, 21 de enero del 2009. Opini\u00f3n. P\u00e1gina 80. La entrevista con Brian Weiss, &hellip; <a href=\"https:\/\/animaweb.blog.pangea.org\/es\/entrevistes\/\" class=\"more-link\">Continuar leyendo<span class=\"screen-reader-text\"> \u00abEntrevistas\u00bb<\/span><\/a><\/p>\n","protected":false},"author":12345698,"featured_media":0,"parent":0,"menu_order":0,"comment_status":"closed","ping_status":"closed","template":"","meta":{"ngg_post_thumbnail":0,"footnotes":""},"class_list":["post-11","page","type-page","status-publish","hentry"],"_links":{"self":[{"href":"https:\/\/animaweb.blog.pangea.org\/es\/wp-json\/wp\/v2\/pages\/11","targetHints":{"allow":["GET"]}}],"collection":[{"href":"https:\/\/animaweb.blog.pangea.org\/es\/wp-json\/wp\/v2\/pages"}],"about":[{"href":"https:\/\/animaweb.blog.pangea.org\/es\/wp-json\/wp\/v2\/types\/page"}],"author":[{"embeddable":true,"href":"https:\/\/animaweb.blog.pangea.org\/es\/wp-json\/wp\/v2\/users\/12345698"}],"replies":[{"embeddable":true,"href":"https:\/\/animaweb.blog.pangea.org\/es\/wp-json\/wp\/v2\/comments?post=11"}],"version-history":[{"count":114,"href":"https:\/\/animaweb.blog.pangea.org\/es\/wp-json\/wp\/v2\/pages\/11\/revisions"}],"predecessor-version":[{"id":2402,"href":"https:\/\/animaweb.blog.pangea.org\/es\/wp-json\/wp\/v2\/pages\/11\/revisions\/2402"}],"wp:attachment":[{"href":"https:\/\/animaweb.blog.pangea.org\/es\/wp-json\/wp\/v2\/media?parent=11"}],"curies":[{"name":"wp","href":"https:\/\/api.w.org\/{rel}","templated":true}]}}

<p class="western" lang="es-ES" style="text-align: justify" align="center"><span style="font-family: Times New Roman, serif"><span style="font-size: x-large"><b><a href="/es/brian-weiss-som-animes-i-anem-de-cos-en-cos/">Brian Weiss: «Somos almas y vamos de cuerpo en cuerpo».</a><br />
</b></span></span><span style="font-family: Times New Roman, serif"><span style="font-size: large"><b>El Periódico de Catalunya. Gaspar Hernández. Miércoles, 21 de enero del 2009. Opinión. Página 80.<br />
</b></span></span><span style="font-family: Times New Roman, serif"><span style="font-size: large"><i>La entrevista con Brian Weiss, Psiquiatra especialista en terapia regresiva. En Estados Unidos ha atendido a cerca de 4.000 pacientes que tienen recuerdos de sus vidas pasadas (&#8230;).</i></span></span></p>
<p class="western" lang="es-ES" align="justify"><span style="font-family: Times New Roman, serif"><span style="font-size: x-large"><b><a href="/es/retorn-a-la-pau-entrevista-a-brian-weiss/">Regreso a la paz. Entrevista a Brian Weiss.</a><br />
</b></span></span><span style="font-family: Times New Roman, serif"><span style="font-size: large"><b>Revista Athanor. Número 35. Septiembre-octubre de 2002. Páginas 15-18.<br />
</b></span></span><span style="font-family: Times New Roman, serif"><span style="font-size: large">Entrevistador: Josep Agustín. Intérprete: Loto Perrella. Fotógrafa: Natalia Campoy.<br />
</span></span><span style="font-family: Times New Roman, serif"><span style="font-size: large"><i>Como estar en paz con uno mismo y, por consiguiente, con todo es quizá la fórmula mágica más buscada desde siempre por el ser humano. Al ser recibido por el doctor Brian Weiss en el hotel y durante toda la entrevista fuimos acompañados por la tranquilidad, el buen humor y el carácter atento de esta persona (&#8230;).</i></span></span></p>
<p class="western" lang="es-ES" align="justify"><span style="font-family: Times New Roman, serif"><span style="font-size: large"><strong><span style="color: #000000"><span style="font-size: x-large"><a href="/es/doctora-viviana-zenteno-les-regressions-com-a-terapia-de-lanima-entrevista-terra-6-5-2010/">Doctora Viviana Zenteno. Las regresiones como terapia del alma.</a><br />
</span></span></strong></span></span><span style="font-family: Times New Roman, serif"><span style="font-size: large"><strong>Entrevista Terra </strong><strong>Networks Chile</strong><strong>.</strong></span></span><strong> <span style="font-family: Times New Roman, serif"><span style="font-size: large">Por: Carmen Luz Heredia.<br />
</span></span></strong><span style="font-family: Times New Roman, serif"><span style="font-size: large"><strong>Jueves, 6 de Mayo de 2010.<br />
</strong></span></span><span style="font-family: Times New Roman, serif"><span style="font-size: large"><i>A través de esta técnica, el pasado se mezcla con el presente y se activan una serie de hechos que no están en el consciente.</i></span></span></p>
<p lang="es-ES" style="text-align: justify" align="center"><span style="font-family: Times New Roman, serif"><span style="font-size: x-large"><b><a href="/es/jose-luis-cabouli-el-teu-ego-no-suporta-tota-la-veritat/">José Luis Cabouli: «Tu ego no soporta toda la verdad».</a><br />
</b></span></span><span style="font-family: Times New Roman, serif"><span style="font-size: large"><b>La Vanguardia. Sábado, 23 de Agosto de 2003. La Contra.<br />
</b></span></span><em><span style="font-family: Times New Roman, serif"><span style="font-size: large">Tengo 52 años. Nací en Buenos Aires. Fui cirujano plástico, pero de los que no se hacen ricos, y hoy soy terapeuta regresivo. Tengo un hijo de 10 meses y otro de 20 años. Creo que en esta vida purgamos errores de vidas anteriores que debemos subsanar con amor y traumas terribles de los que debe librarse al recordarlos nuestra conciencia (&#8230;).</span></span></em></p>
<p class="western" lang="es-ES" style="text-align: justify" align="center"><span style="font-family: Times New Roman, serif"><span style="font-size: x-large"><a href="/es/jose-luis-cabouli-lanima-es-el-xofer-el-cos-el-vehicle/"><strong>José Luis Cabouli: «El alma es el chófer; el cuerpo, el vehículo».</strong></a><br />
</span></span><span style="font-family: Times New Roman, serif"><span style="font-size: large"><b>El Periódico de Catalunya. Miércoles, 8 de octubre de 2008.<br />
</b></span></span><span style="font-family: Times New Roman, serif"><span style="font-size: large"><i>José Luis Cabouli practica la Terapia de las Vidas Pasadas. Es médico y cirujano del alma. Asume que existe la reencarnación y trabaja con pacientes que arrastran traumas de otras vidas (&#8230;).</i></span></span></p>
<p lang="es-ES" style="text-align: justify" align="justify"><span style="font-family: Times New Roman, serif"><a href="/es/jose-luis-cabouli-hi-ha-casos-de-gent-amb-lanima-de-germans-morts/"><span style="font-size: x-large"><b>José Luis Cabouli: «Hay casos de gente con el alma de hermanos muertos».<br />
</b></span></a><span style="font-size: large"><b>La Verdad. Viernes, 25 de mayo de 2012.<br />
</b></span><span style="font-size: large"><i>«El experto utiliza una técnica de regresión a vidas pasadas para resolver conflictos y problemas psicológicos de sus pacientes (&#8230;)».</i></span></span></p>
<p class="western" lang="es-ES" style="text-align: justify" align="center"><span style="font-family: Times New Roman, serif"><span style="font-size: x-large"><b><a href="/es/jose-luis-cabouli-vaig-voler-ser-un-cirurgia-danimes/">José Luis Cabouli: «Quise ser un cirujano de almas».</a><br />
</b></span></span><span style="font-family: Times New Roman, serif"><span style="font-size: large"><span lang="es-ES"><b>Por Luis Aubele. Entrevista publicada en el diario «La Nación», Buenos Aires, 22-03-2009.<br />
</b></span></span></span><em><span style="font-family: Times New Roman, serif"><span style="font-size: large">«¿Qué fui antes de ser José Luis?», comenzó a preguntarse cuando tenía 8 años. Lo curioso es que entonces nunca había oído hablar de reencarnación; no sólo no sabía qué era, sino que ni siquiera conocía la palabra. «Sólo unos años más tarde, entre los 15 y los 16, supe de qué se trataba. Pero tuvieron que pasar 20 años más, cuando ya era un cirujano plástico con años de ejercicio, para que entendiera que la reencarnación podía tener un fin terapéutico», recuerda José Luis Cabouli, médico y terapeuta especializado en terapia de vidas pasadas (&#8230;).</span></span></em></p>
<p class="western" style="text-align: justify"><a href="/es/entrevista-al-dr-jose-luis-cabouli-al-diari-reforma-mexic-df/"><span style="font-family: Times New Roman, serif"><span style="font-size: x-large"><span lang="es-ES"><b>Entrevista al Dr. José Luis Cabouli en el periódico </b></span></span></span><span style="font-family: Times New Roman, serif"><span style="font-size: x-large"><span lang="es-ES"><i><b>Reforma</b></i></span></span></span><span style="font-family: Times New Roman, serif"><span style="font-size: x-large"><span lang="es-ES"><b>, México DF.<br />
</b></span></span></span></a><span style="font-family: Times New Roman, serif"><span style="font-size: large"><strong>por Natalia Vitela, México, 26 de agosto de 2006.</strong><br />
</span></span><em><span style="font-family: Times New Roman, serif"><span style="font-size: large">¿Alguna vez ha experimentado que el que piensa, dice y actúa no es usted y lo hace motivado por una voluntad ajena a la suya? Si es así no descarte la posibilidad de estar «poseído» (&#8230;).</span></span></em></p>
<p class="western" lang="es-ES" style="text-align: justify" align="center"><span style="font-family: Times New Roman, serif"><span style="font-size: x-large"><b><a href="/es/la-ment-una-entrevista-amb-el-dr-michael-newton-per-mary-arsenault/">La Mente: una entrevista con el Dr. Michael Newton, por Mary Arsenault.</a><br />
</b></span></span><span style="font-family: Times New Roman, serif"><span style="font-size: large"><b>Wisdom Magazine. Miércoles, 1 de diciembre de 2004.<br />
</b></span></span><em><span style="font-family: Times New Roman, serif"><span style="font-size: large">En 1994, la vida tal como la conocemos, con todas sus preguntas angustiosas de por qué estamos aquí y hacia dónde vamos, llegó a su fin con la publicación de </span></span><span style="font-family: Times New Roman, serif"><span style="font-size: large"><b>Viaje de las Almas</b></span></span><span style="font-family: Times New Roman, serif"><span style="font-size: large">, </span></span></em><span style="font-family: Times New Roman, serif"><span style="font-size: large"><em>del Dr. Michael Newton. En este libro (&#8230;).</em><br />
</span></span></p>
<p class="western" lang="es-ES" align="justify"><span style="font-family: Times New Roman, serif"><span style="font-size: x-large"><b><a href="/es/albada-dun-nou-dia-entrevista-a-brian-weiss-2007/">Amanecer de un Nuevo Día. Entrevista a Brian Weiss. 2007.</a><br />
</b></span></span><b></b><span style="font-family: Times New Roman, serif"><span style="font-size: large"><span lang="en-US"><b>Dawn </b></span></span></span><span style="font-family: Times New Roman, serif"><span style="font-size: large"><span lang="en-US"><b>Light</b></span></span></span><span style="font-family: Times New Roman, serif"><span style="font-size: large"><span lang="es-ES"><b> (Lu</b></span></span></span><span style="color: #000000"><span style="font-family: Times New Roman, serif"><span style="font-size: large"><span lang="es-ES"><b>z</b></span></span></span></span><span style="font-family: Times New Roman, serif"><span style="font-size: large"><span lang="es-ES"><b> del Alba)</b></span></span></span><span style="font-family: Times New Roman, serif"><span style="font-size: large"><span lang="es-ES"><b>. Martes, 25 de Diciembre de 2007.<br />
</b></span></span></span><b></b><span style="font-family: Times New Roman, serif"><span style="font-size: large"><span lang="es-ES"><i>Aquí está la entrevista completa de una hora que le hice a Brian Weiss. Un extracto de esta entrevista se publicó en el número de Septiembre/Octubre de 2007 de la revista </i></span></span></span><span style="font-family: Times New Roman, serif"><span style="font-size: large"><span lang="en-US"><i>New Visions Magazine</i></span></span></span><span style="font-family: Times New Roman, serif"><span style="font-size: large"><span lang="es-ES"><i>.<br />
</i></span></span></span><b><span style="font-family: Times New Roman, serif"><span style="font-size: large"><span lang="es-ES">Traducción respecto la versión original inglesa: Loto Pe</span></span></span><span style="color: #000000"><span style="font-family: Times New Roman, serif"><span style="font-size: large"><span lang="es-ES">rr</span></span></span></span><span style="font-family: Times New Roman, serif"><span style="font-size: large"><span lang="es-ES">ella.</span></span></span></b></p>

<p>Brian Weiss: «Somos almas y vamos de cuerpo en cuerpo». El Periódico de Catalunya. Gaspar Hernández. Miércoles, 21 de enero del 2009. Opinión. Página 80. La entrevista con Brian Weiss, &hellip; <a href="https://animaweb.blog.pangea.org/es/entrevistes/" class="more-link">Continuar leyendo<span class="screen-reader-text"> «Entrevistas»</span></a></p>
